Last updated on 2025-10-24 09:50:14 CEST.
| Flavor | Version | Tinstall | Tcheck | Ttotal | Status | Flags |
|---|---|---|---|---|---|---|
| r-devel-linux-x86_64-debian-clang | 1.0 | 82.25 | 30.61 | 112.86 | OK | |
| r-devel-linux-x86_64-debian-gcc | 1.0 | 55.80 | 23.71 | 79.51 | OK | |
| r-devel-linux-x86_64-fedora-clang | 1.0 | 162.00 | 34.12 | 196.12 | OK | |
| r-devel-linux-x86_64-fedora-gcc | 1.0 | 118.00 | 74.14 | 192.14 | OK | |
| r-devel-windows-x86_64 | 1.0 | 90.00 | 76.00 | 166.00 | OK | |
| r-patched-linux-x86_64 | 1.0 | 86.12 | 27.87 | 113.99 | OK | |
| r-release-linux-x86_64 | 1.0 | 83.43 | 27.35 | 110.78 | OK | |
| r-release-macos-arm64 | 1.0 | 26.00 | 17.00 | 43.00 | OK | |
| r-release-macos-x86_64 | 1.0 | 24.00 | 27.00 | 51.00 | OK | |
| r-release-windows-x86_64 | 1.0 | 88.00 | 84.00 | 172.00 | OK | |
| r-oldrel-macos-arm64 | 1.0 | 30.00 | 22.00 | 52.00 | NOTE | |
| r-oldrel-macos-x86_64 | 1.0 | 36.00 | 41.00 | 77.00 | NOTE | |
| r-oldrel-windows-x86_64 | 1.0 | 92.00 | 107.00 | 199.00 | OK |
Version: 1.0
Check: installed package size
Result: NOTE
installed size is 6.5Mb
sub-directories of 1Mb or more:
libs 5.8Mb
Flavors: r-oldrel-macos-arm64, r-oldrel-macos-x86_64