CRAN Package Check Results for Package RVCompare

Last updated on 2025-11-22 09:50:05 CET.

Flavor Version Tinstall Tcheck Ttotal Status Flags
r-devel-linux-x86_64-debian-clang 0.1.8 14.29 71.36 85.65 NOTE
r-devel-linux-x86_64-debian-gcc 0.1.8 9.61 49.83 59.44 NOTE
r-devel-linux-x86_64-fedora-clang 0.1.8 32.00 101.18 133.18 OK
r-devel-windows-x86_64 0.1.8 23.00 94.00 117.00 OK
r-patched-linux-x86_64 0.1.8 14.11 65.02 79.13 OK
r-release-linux-x86_64 0.1.8 12.91 64.91 77.82 OK
r-release-macos-arm64 0.1.8 OK
r-release-macos-x86_64 0.1.8 10.00 46.00 56.00 OK
r-release-windows-x86_64 0.1.8 18.00 95.00 113.00 OK
r-oldrel-macos-arm64 0.1.8 OK
r-oldrel-macos-x86_64 0.1.8 10.00 41.00 51.00 OK
r-oldrel-windows-x86_64 0.1.8 23.00 117.00 140.00 OK

Check Details

Version: 0.1.8
Check: CRAN incoming feasibility
Result: NOTE Maintainer: ‘Etor Arza <etorarza@gmail.com>’ No Authors@R field in DESCRIPTION. Please add one, modifying Authors@R: person(given = "Etor", family = "Arza", role = c("aut", "cre"), email = "etorarza@gmail.com") as necessary. Flavors: r-devel-linux-x86_64-debian-clang, r-devel-linux-x86_64-debian-gcc