Last updated on 2025-10-31 09:50:29 CET.
| Flavor | Version | Tinstall | Tcheck | Ttotal | Status | Flags | 
|---|---|---|---|---|---|---|
| r-devel-linux-x86_64-debian-clang | 1.1.2 | 1.65 | 20.59 | 22.24 | NOTE | |
| r-devel-linux-x86_64-debian-gcc | 1.1.2 | 1.37 | 17.08 | 18.45 | NOTE | |
| r-devel-linux-x86_64-fedora-clang | 1.1.2 | 33.79 | OK | |||
| r-devel-linux-x86_64-fedora-gcc | 1.1.2 | 31.02 | OK | |||
| r-devel-windows-x86_64 | 1.1.2 | 3.00 | 38.00 | 41.00 | OK | |
| r-patched-linux-x86_64 | 1.1.2 | 1.67 | 19.52 | 21.19 | OK | |
| r-release-linux-x86_64 | 1.1.2 | 1.61 | 19.56 | 21.17 | OK | |
| r-release-macos-arm64 | 1.1.2 | 1.00 | 15.00 | 16.00 | OK | |
| r-release-macos-x86_64 | 1.1.2 | 2.00 | 22.00 | 24.00 | OK | |
| r-release-windows-x86_64 | 1.1.2 | 4.00 | 40.00 | 44.00 | OK | |
| r-oldrel-macos-arm64 | 1.1.2 | 1.00 | 16.00 | 17.00 | OK | |
| r-oldrel-macos-x86_64 | 1.1.2 | 2.00 | 27.00 | 29.00 | OK | |
| r-oldrel-windows-x86_64 | 1.1.2 | 3.00 | 45.00 | 48.00 | OK | 
Version: 1.1.2
Check: CRAN incoming feasibility
Result: NOTE
  Maintainer: ‘Tobias Verbeke <tobias.verbeke@openanalytics.eu>’
  
  No Authors@R field in DESCRIPTION.
  Please add one, modifying
    Authors@R: person(given = "Tobias",
                      family = "Verbeke",
                      role = c("aut", "cre"),
                      email = "tobias.verbeke@openanalytics.eu")
  as necessary.
Flavors: r-devel-linux-x86_64-debian-clang, r-devel-linux-x86_64-debian-gcc