Last updated on 2025-10-30 09:50:00 CET.
| Flavor | Version | Tinstall | Tcheck | Ttotal | Status | Flags | 
|---|---|---|---|---|---|---|
| r-devel-linux-x86_64-debian-clang | 1.1 | 22.40 | 36.04 | 58.44 | NOTE | |
| r-devel-linux-x86_64-debian-gcc | 1.1 | 14.46 | 27.77 | 42.23 | NOTE | |
| r-devel-linux-x86_64-fedora-clang | 1.1 | 46.00 | 56.14 | 102.14 | NOTE | |
| r-devel-linux-x86_64-fedora-gcc | 1.1 | 57.00 | 37.83 | 94.83 | NOTE | |
| r-devel-windows-x86_64 | 1.1 | 28.00 | 70.00 | 98.00 | NOTE | |
| r-patched-linux-x86_64 | 1.1 | 23.90 | 33.87 | 57.77 | NOTE | |
| r-release-linux-x86_64 | 1.1 | 23.99 | 34.28 | 58.27 | NOTE | |
| r-release-macos-arm64 | 1.1 | 9.00 | 22.00 | 31.00 | NOTE | |
| r-release-macos-x86_64 | 1.1 | 15.00 | 35.00 | 50.00 | NOTE | |
| r-release-windows-x86_64 | 1.1 | 29.00 | 73.00 | 102.00 | NOTE | |
| r-oldrel-macos-arm64 | 1.1 | 9.00 | 19.00 | 28.00 | NOTE | |
| r-oldrel-macos-x86_64 | 1.1 | 19.00 | 32.00 | 51.00 | NOTE | |
| r-oldrel-windows-x86_64 | 1.1 | 33.00 | 86.00 | 119.00 | NOTE | 
Version: 1.1
Check: CRAN incoming feasibility
Result: NOTE
  Maintainer: ‘Panos Toulis <panos.toulis@chicagobooth.edu>’
  
  No Authors@R field in DESCRIPTION.
  Please add one, modifying
    Authors@R: person(given = "Panos",
                      family = "Toulis",
                      role = c("aut", "cre"),
                      email = "panos.toulis@chicagobooth.edu")
  as necessary.
Flavors: r-devel-linux-x86_64-debian-clang, r-devel-linux-x86_64-debian-gcc
Version: 1.1
Check: Rd files
Result: NOTE
  checkRd: (-1) rrinf_clust.Rd:24: Lost braces; missing escapes or markup?
      24 | \item{clustering}{A \code{List} that specifies a clustering of datapoint indexes {1, ..., n}. See \link{example_clustering} for details.}
         |                                                                                  ^
  checkRd: (-1) rrtest_clust.Rd:21: Lost braces; missing escapes or markup?
      21 | \item{clustering}{A \code{List} that specifies a clustering of datapoint indexes {1, ..., n}.
         |                                                                                  ^
Flavors: r-devel-linux-x86_64-debian-clang, r-devel-linux-x86_64-debian-gcc, r-devel-linux-x86_64-fedora-clang, r-devel-linux-x86_64-fedora-gcc, r-devel-windows-x86_64, r-patched-linux-x86_64, r-release-linux-x86_64, r-release-macos-arm64, r-release-macos-x86_64, r-release-windows-x86_64, r-oldrel-macos-arm64, r-oldrel-macos-x86_64, r-oldrel-windows-x86_64
Version: 1.1
Check: LazyData
Result: NOTE
    'LazyData' is specified without a 'data' directory
Flavors: r-oldrel-macos-arm64, r-oldrel-macos-x86_64, r-oldrel-windows-x86_64