Last updated on 2025-10-30 09:50:00 CET.
| Flavor | Version | Tinstall | Tcheck | Ttotal | Status | Flags | 
|---|---|---|---|---|---|---|
| r-devel-linux-x86_64-debian-clang | 0.2.8 | 1.72 | 22.73 | 24.45 | NOTE | |
| r-devel-linux-x86_64-debian-gcc | 0.2.8 | 1.25 | 18.74 | 19.99 | NOTE | |
| r-devel-linux-x86_64-fedora-clang | 0.2.8 | 37.19 | OK | |||
| r-devel-linux-x86_64-fedora-gcc | 0.2.8 | 34.30 | OK | |||
| r-devel-windows-x86_64 | 0.2.8 | 3.00 | 41.00 | 44.00 | OK | |
| r-patched-linux-x86_64 | 0.2.8 | 1.84 | 21.44 | 23.28 | OK | |
| r-release-linux-x86_64 | 0.2.8 | 1.75 | 21.58 | 23.33 | OK | |
| r-release-macos-arm64 | 0.2.8 | 1.00 | 28.00 | 29.00 | ERROR | |
| r-release-macos-x86_64 | 0.2.8 | 2.00 | 27.00 | 29.00 | OK | |
| r-release-windows-x86_64 | 0.2.8 | 4.00 | 44.00 | 48.00 | OK | |
| r-oldrel-macos-arm64 | 0.2.8 | 1.00 | 17.00 | 18.00 | NOTE | |
| r-oldrel-macos-x86_64 | 0.2.8 | 2.00 | 26.00 | 28.00 | NOTE | |
| r-oldrel-windows-x86_64 | 0.2.8 | 3.00 | 47.00 | 50.00 | NOTE | 
Version: 0.2.8
Check: CRAN incoming feasibility
Result: NOTE
  Maintainer: ‘Ruokun Huang <hruokun.2008@gmail.com>’
  
  No Authors@R field in DESCRIPTION.
  Please add one, modifying
    Authors@R: person(given = "Ruokun",
                      family = "Huang",
                      role = c("aut", "cre"),
                      email = "hruokun.2008@gmail.com")
  as necessary.
Flavors: r-devel-linux-x86_64-debian-clang, r-devel-linux-x86_64-debian-gcc
Version: 0.2.8
Check: tests
Result: ERROR
    Running ‘someFIGIs.R’ [0s/10s]
  Running the tests in ‘tests/someFIGIs.R’ failed.
  Complete output:
    > library(ROpenFIGI)
    > jsondf <- data.frame(idType=c("ID_ISIN"),idValue=c("US922646AS37"),
    +                      exchCode=c(NA),currency=NA,micCode=NA,stringsAsFactors = F)
    > 
    > jsonrst <- OpenFIGI(jsondf)
    Error in curl::curl_fetch_memory(url, handle = handle) : 
      Timeout was reached [api.openfigi.com]: Connection timed out after 10002 milliseconds
    Calls: OpenFIGI ... request_fetch.write_memory -> <Anonymous> -> raise_libcurl_error
    Execution halted
Flavor: r-release-macos-arm64
Version: 0.2.8
Check: LazyData
Result: NOTE
    'LazyData' is specified without a 'data' directory
Flavors: r-oldrel-macos-arm64, r-oldrel-macos-x86_64, r-oldrel-windows-x86_64