Last updated on 2025-10-25 09:49:42 CEST.
| Flavor | Version | Tinstall | Tcheck | Ttotal | Status | Flags |
|---|---|---|---|---|---|---|
| r-devel-linux-x86_64-debian-clang | 0.2.0 | 3.82 | 36.03 | 39.85 | OK | |
| r-devel-linux-x86_64-debian-gcc | 0.2.0 | 2.75 | 27.50 | 30.25 | OK | |
| r-devel-linux-x86_64-fedora-clang | 0.2.0 | 11.00 | 49.40 | 60.40 | NOTE | |
| r-devel-linux-x86_64-fedora-gcc | 0.2.0 | 55.32 | NOTE | |||
| r-devel-windows-x86_64 | 0.2.0 | 6.00 | 52.00 | 58.00 | OK | |
| r-patched-linux-x86_64 | 0.2.0 | 4.02 | 32.88 | 36.90 | OK | |
| r-release-linux-x86_64 | 0.2.0 | 3.90 | 33.15 | 37.05 | OK | |
| r-release-macos-arm64 | 0.2.0 | 2.00 | 18.00 | 20.00 | OK | |
| r-release-macos-x86_64 | 0.2.0 | 3.00 | 30.00 | 33.00 | OK | |
| r-release-windows-x86_64 | 0.2.0 | 6.00 | 53.00 | 59.00 | OK | |
| r-oldrel-macos-arm64 | 0.2.0 | 2.00 | 18.00 | 20.00 | OK | |
| r-oldrel-macos-x86_64 | 0.2.0 | 3.00 | 28.00 | 31.00 | OK | |
| r-oldrel-windows-x86_64 | 0.2.0 | 7.00 | 59.00 | 66.00 | OK |
Version: 0.2.0
Check: dependencies in R code
Result: NOTE
Namespace in Imports field not imported from: ‘magrittr’
All declared Imports should be used.
Flavors: r-devel-linux-x86_64-fedora-clang, r-devel-linux-x86_64-fedora-gcc