Last updated on 2025-10-22 09:50:49 CEST.
Flavor | Version | Tinstall | Tcheck | Ttotal | Status | Flags |
---|---|---|---|---|---|---|
r-devel-linux-x86_64-debian-clang | 0.3-5 | 12.40 | 164.65 | 177.05 | NOTE | |
r-devel-linux-x86_64-debian-gcc | 0.3-5 | 9.34 | 108.77 | 118.11 | NOTE | |
r-devel-linux-x86_64-fedora-clang | 0.3-5 | 37.00 | 245.30 | 282.30 | OK | |
r-devel-linux-x86_64-fedora-gcc | 0.3-5 | 28.00 | 229.09 | 257.09 | OK | |
r-devel-windows-x86_64 | 0.3-5 | 16.00 | 150.00 | 166.00 | OK | |
r-patched-linux-x86_64 | 0.3-5 | 14.48 | 152.34 | 166.82 | OK | |
r-release-linux-x86_64 | 0.3-5 | 13.15 | 152.05 | 165.20 | OK | |
r-release-macos-arm64 | 0.3-5 | 6.00 | 63.00 | 69.00 | OK | |
r-release-macos-x86_64 | 0.3-5 | 13.00 | 147.00 | 160.00 | OK | |
r-release-windows-x86_64 | 0.3-5 | 15.00 | 146.00 | 161.00 | OK | |
r-oldrel-macos-arm64 | 0.3-5 | 6.00 | 62.00 | 68.00 | OK | |
r-oldrel-macos-x86_64 | 0.3-5 | 16.00 | 143.00 | 159.00 | OK | |
r-oldrel-windows-x86_64 | 0.3-5 | 21.00 | 208.00 | 229.00 | OK |
Version: 0.3-5
Check: HTML version of manual
Result: NOTE
Found the following HTML validation problems:
scale.DesignOptions.html:55:1 (scale.DesignOptions.Rd:14): Warning: missing </ul> before </div>
Flavors: r-devel-linux-x86_64-debian-clang, r-devel-linux-x86_64-debian-gcc