CRAN Package Check Results for Package RFormatter

Last updated on 2025-10-22 09:50:49 CEST.

Flavor Version Tinstall Tcheck Ttotal Status Flags
r-devel-linux-x86_64-debian-clang 0.1.1 1.59 19.97 21.56 OK
r-devel-linux-x86_64-debian-gcc 0.1.1 1.49 16.74 18.23 OK
r-devel-linux-x86_64-fedora-clang 0.1.1 32.45 OK
r-devel-linux-x86_64-fedora-gcc 0.1.1 30.12 OK
r-devel-windows-x86_64 0.1.1 3.00 38.00 41.00 OK
r-patched-linux-x86_64 0.1.1 1.50 18.75 20.25 OK
r-release-linux-x86_64 0.1.1 1.69 18.84 20.53 OK
r-release-macos-arm64 0.1.1 1.00 14.00 15.00 OK
r-release-macos-x86_64 0.1.1 2.00 22.00 24.00 OK
r-release-windows-x86_64 0.1.1 3.00 39.00 42.00 OK
r-oldrel-macos-arm64 0.1.1 1.00 14.00 15.00 NOTE
r-oldrel-macos-x86_64 0.1.1 1.00 20.00 21.00 NOTE
r-oldrel-windows-x86_64 0.1.1 3.00 44.00 47.00 NOTE

Check Details

Version: 0.1.1
Check: LazyData
Result: NOTE 'LazyData' is specified without a 'data' directory Flavors: r-oldrel-macos-arm64, r-oldrel-macos-x86_64, r-oldrel-windows-x86_64