Last updated on 2025-10-22 09:50:47 CEST.
Flavor | Version | Tinstall | Tcheck | Ttotal | Status | Flags |
---|---|---|---|---|---|---|
r-devel-linux-x86_64-debian-clang | 3.4 | 30.86 | 125.36 | 156.22 | NOTE | |
r-devel-linux-x86_64-debian-gcc | 3.4 | 18.38 | 79.98 | 98.36 | NOTE | |
r-devel-linux-x86_64-fedora-clang | 3.4 | 75.00 | 184.41 | 259.41 | OK | |
r-devel-linux-x86_64-fedora-gcc | 3.4 | 69.00 | 162.59 | 231.59 | OK | |
r-devel-windows-x86_64 | 3.4 | 34.00 | 134.00 | 168.00 | OK | |
r-patched-linux-x86_64 | 3.4 | 31.47 | 116.52 | 147.99 | OK | |
r-release-linux-x86_64 | 3.4 | 30.42 | 117.16 | 147.58 | OK | |
r-release-macos-arm64 | 3.4 | 13.00 | 53.00 | 66.00 | OK | |
r-release-macos-x86_64 | 3.4 | 28.00 | 99.00 | 127.00 | OK | |
r-release-windows-x86_64 | 3.4 | 35.00 | 138.00 | 173.00 | OK | |
r-oldrel-macos-arm64 | 3.4 | 13.00 | 50.00 | 63.00 | OK | |
r-oldrel-macos-x86_64 | 3.4 | 21.00 | 91.00 | 112.00 | OK | |
r-oldrel-windows-x86_64 | 3.4 | 42.00 | 181.00 | 223.00 | OK |
Version: 3.4
Check: CRAN incoming feasibility
Result: NOTE
Maintainer: ‘Yuanming Zhang<soyzhang@mail.hzau.edu.cn>’
No Authors@R field in DESCRIPTION.
Please add one, modifying
Authors@R: c(person(given = "Zhou",
family = "Ya-Hui",
role = "aut"),
person(given = "Zhang",
family = "Ya-Wen",
role = "aut"),
person(given = "Wen",
family = "Yang-Jun",
role = "aut"),
person(given = "Wang",
family = "Shi-Bo",
role = "aut"),
person(given = "Zhang",
family = "Yuan-Ming",
role = "aut"),
person(given = "Yuanming",
family = "Zhang",
role = "cre",
email = "soyzhang@mail.hzau.edu.cn"))
as necessary.
Flavors: r-devel-linux-x86_64-debian-clang, r-devel-linux-x86_64-debian-gcc