Last updated on 2025-10-24 09:50:13 CEST.
| Flavor | Version | Tinstall | Tcheck | Ttotal | Status | Flags |
|---|---|---|---|---|---|---|
| r-devel-linux-x86_64-debian-clang | 1.0.8 | 2.74 | 43.55 | 46.29 | NOTE | |
| r-devel-linux-x86_64-debian-gcc | 1.0.8 | 2.23 | 30.67 | 32.90 | NOTE | |
| r-devel-linux-x86_64-fedora-clang | 1.0.8 | 12.00 | 59.52 | 71.52 | OK | |
| r-devel-linux-x86_64-fedora-gcc | 1.0.8 | 66.61 | OK | |||
| r-devel-windows-x86_64 | 1.0.8 | 5.00 | 63.00 | 68.00 | OK | |
| r-patched-linux-x86_64 | 1.0.8 | 3.20 | 40.27 | 43.47 | OK | |
| r-release-linux-x86_64 | 1.0.8 | 2.96 | 40.49 | 43.45 | OK | |
| r-release-macos-arm64 | 1.0.8 | 13.00 | 25.00 | 38.00 | OK | |
| r-release-macos-x86_64 | 1.0.8 | 13.00 | 37.00 | 50.00 | OK | |
| r-release-windows-x86_64 | 1.0.8 | 5.00 | 63.00 | 68.00 | OK | |
| r-oldrel-macos-arm64 | 1.0.8 | 6.00 | 21.00 | 27.00 | OK | |
| r-oldrel-macos-x86_64 | 1.0.8 | 10.00 | 33.00 | 43.00 | OK | |
| r-oldrel-windows-x86_64 | 1.0.8 | 7.00 | 74.00 | 81.00 | OK |
Version: 1.0.8
Check: CRAN incoming feasibility
Result: NOTE
Maintainer: ‘Eric Coissac <eric.coissac@metabarcoding.org>’
No Authors@R field in DESCRIPTION.
Please add one, modifying
Authors@R: c(person(given = "Eric",
family = "Coissac",
role = c("aut", "cre"),
email = "eric.coissac@metabarcoding.org"),
person(given = "Christelle",
family = "Gonindard-Melodelima",
role = "aut"))
as necessary.
Flavors: r-devel-linux-x86_64-debian-clang, r-devel-linux-x86_64-debian-gcc