Last updated on 2025-10-25 09:49:40 CEST.
| Flavor | Version | Tinstall | Tcheck | Ttotal | Status | Flags | 
|---|---|---|---|---|---|---|
| r-devel-linux-x86_64-debian-clang | 2.0 | 2.34 | 35.66 | 38.00 | NOTE | |
| r-devel-linux-x86_64-debian-gcc | 2.0 | 1.98 | 29.13 | 31.11 | NOTE | |
| r-devel-linux-x86_64-fedora-clang | 2.0 | 58.44 | NOTE | |||
| r-devel-linux-x86_64-fedora-gcc | 2.0 | 67.76 | NOTE | |||
| r-devel-windows-x86_64 | 2.0 | 4.00 | 52.00 | 56.00 | NOTE | |
| r-patched-linux-x86_64 | 2.0 | 2.89 | 34.14 | 37.03 | NOTE | |
| r-release-linux-x86_64 | 2.0 | 2.32 | 34.51 | 36.83 | NOTE | |
| r-release-macos-arm64 | 2.0 | 1.00 | 27.00 | 28.00 | NOTE | |
| r-release-macos-x86_64 | 2.0 | 3.00 | 48.00 | 51.00 | NOTE | |
| r-release-windows-x86_64 | 2.0 | 4.00 | 54.00 | 58.00 | NOTE | |
| r-oldrel-macos-arm64 | 2.0 | 1.00 | 26.00 | 27.00 | NOTE | |
| r-oldrel-macos-x86_64 | 2.0 | 2.00 | 39.00 | 41.00 | NOTE | |
| r-oldrel-windows-x86_64 | 2.0 | 6.00 | 60.00 | 66.00 | NOTE | 
Version: 2.0
Check: Rd files
Result: NOTE
  checkRd: (-1) findbeta.Rd:20: Lost braces; missing escapes or markup?
      20 | \item{lower.v}{logical, if TRUE the specified percentile.value is the upper limit for the mean (or the median or the mode) at the specified confidence level (percentile). If {FALSE} the specified percentile.value is the lower limit for the mean (or the median or the mode) at the specified confidence level (percentile). The default is FALSE.}
         |                                                                                                                                                                               ^
Flavors: r-devel-linux-x86_64-debian-clang, r-devel-linux-x86_64-debian-gcc, r-devel-linux-x86_64-fedora-clang, r-devel-linux-x86_64-fedora-gcc, r-devel-windows-x86_64, r-patched-linux-x86_64, r-release-linux-x86_64, r-release-macos-arm64, r-release-macos-x86_64, r-release-windows-x86_64, r-oldrel-macos-arm64, r-oldrel-macos-x86_64, r-oldrel-windows-x86_64