Last updated on 2025-10-22 09:50:45 CEST.
Flavor | Version | Tinstall | Tcheck | Ttotal | Status | Flags |
---|---|---|---|---|---|---|
r-devel-linux-x86_64-debian-clang | 0.3.4 | 22.82 | 248.63 | 271.45 | NOTE | |
r-devel-linux-x86_64-debian-gcc | 0.3.4 | 16.10 | 171.76 | 187.86 | NOTE | |
r-devel-linux-x86_64-fedora-clang | 0.3.4 | 62.00 | 376.33 | 438.33 | NOTE | |
r-devel-linux-x86_64-fedora-gcc | 0.3.4 | 49.00 | 360.47 | 409.47 | NOTE | |
r-devel-windows-x86_64 | 0.3.4 | 27.00 | 327.00 | 354.00 | NOTE | |
r-patched-linux-x86_64 | 0.3.4 | 21.90 | 233.95 | 255.85 | NOTE | |
r-release-linux-x86_64 | 0.3.4 | 20.45 | 233.60 | 254.05 | NOTE | |
r-release-macos-arm64 | 0.3.4 | 16.00 | 225.00 | 241.00 | NOTE | |
r-release-macos-x86_64 | 0.3.4 | 17.00 | 199.00 | 216.00 | NOTE | |
r-release-windows-x86_64 | 0.3.4 | 30.00 | 333.00 | 363.00 | NOTE | |
r-oldrel-macos-arm64 | 0.3.4 | 10.00 | 96.00 | 106.00 | NOTE | |
r-oldrel-macos-x86_64 | 0.3.4 | 15.00 | 152.00 | 167.00 | NOTE | |
r-oldrel-windows-x86_64 | 0.3.4 | 37.00 | 367.00 | 404.00 | NOTE |
Version: 0.3.4
Check: CRAN incoming feasibility
Result: NOTE
Maintainer: ‘Hannah Meyer <hannah.v.meyer@gmail.com>’
Package CITATION file contains call(s) to old-style personList() or
as.personList(). Please use c() on person objects instead.
Package CITATION file contains call(s) to old-style citEntry(). Please
use bibentry() instead.
Flavors: r-devel-linux-x86_64-debian-clang, r-devel-linux-x86_64-debian-gcc
Version: 0.3.4
Check: C++ specification
Result: NOTE
Specified C++11: please drop specification unless essential
Flavors: r-devel-linux-x86_64-debian-clang, r-devel-linux-x86_64-debian-gcc, r-devel-linux-x86_64-fedora-clang, r-devel-linux-x86_64-fedora-gcc, r-devel-windows-x86_64, r-patched-linux-x86_64, r-release-linux-x86_64, r-release-macos-arm64, r-release-macos-x86_64, r-release-windows-x86_64, r-oldrel-macos-arm64, r-oldrel-macos-x86_64, r-oldrel-windows-x86_64
Version: 0.3.4
Check: HTML version of manual
Result: NOTE
Found the following HTML validation problems:
read_lines.html:54:1 (read_lines.Rd:14): Warning: missing </ul> before </div>
testNumerics.html:60:1 (testNumerics.Rd:17): Warning: missing </ul> before </div>
Flavors: r-devel-linux-x86_64-debian-clang, r-devel-linux-x86_64-debian-gcc
Version: 0.3.4
Check: installed package size
Result: NOTE
installed size is 5.7Mb
sub-directories of 1Mb or more:
doc 1.5Mb
extdata 3.1Mb
Flavors: r-oldrel-macos-arm64, r-oldrel-macos-x86_64, r-oldrel-windows-x86_64