Last updated on 2025-10-22 09:50:46 CEST.
Flavor | Version | Tinstall | Tcheck | Ttotal | Status | Flags |
---|---|---|---|---|---|---|
r-devel-linux-x86_64-debian-clang | 0.1.5 | 10.71 | 83.79 | 94.50 | NOTE | |
r-devel-linux-x86_64-debian-gcc | 0.1.5 | 7.61 | 60.55 | 68.16 | NOTE | |
r-devel-linux-x86_64-fedora-clang | 0.1.5 | 24.00 | 131.05 | 155.05 | OK | |
r-devel-linux-x86_64-fedora-gcc | 0.1.5 | 23.00 | 122.01 | 145.01 | OK | |
r-devel-windows-x86_64 | 0.1.5 | 11.00 | 98.00 | 109.00 | OK | |
r-patched-linux-x86_64 | 0.1.5 | 11.15 | 80.50 | 91.65 | OK | |
r-release-linux-x86_64 | 0.1.5 | 8.91 | 80.55 | 89.46 | OK | |
r-release-macos-arm64 | 0.1.5 | 5.00 | 43.00 | 48.00 | OK | |
r-release-macos-x86_64 | 0.1.5 | 10.00 | 78.00 | 88.00 | OK | |
r-release-windows-x86_64 | 0.1.5 | 11.00 | 106.00 | 117.00 | OK | |
r-oldrel-macos-arm64 | 0.1.5 | 5.00 | 36.00 | 41.00 | OK | |
r-oldrel-macos-x86_64 | 0.1.5 | 9.00 | 64.00 | 73.00 | OK | |
r-oldrel-windows-x86_64 | 0.1.5 | 17.00 | 123.00 | 140.00 | OK |
Version: 0.1.5
Check: CRAN incoming feasibility
Result: NOTE
Maintainer: ‘David Hofmeyr <dhofmeyr@sun.ac.za>’
No Authors@R field in DESCRIPTION.
Please add one, modifying
Authors@R: person(given = "David",
family = "Hofmeyr",
role = c("aut", "cre"),
email = "n.pavlidis@lancaster.ac.uk")
as necessary.
Flavors: r-devel-linux-x86_64-debian-clang, r-devel-linux-x86_64-debian-gcc
Version: 0.1.5
Check: HTML version of manual
Result: NOTE
Found the following HTML validation problems:
hp_plot.html:55:1 (hp_plot.Rd:14): Warning: missing </ul> before </div>
node_plot.html:59:1 (node_plot.Rd:15): Warning: missing </ul> before </div>
tree_plot.html:59:1 (tree_plot.Rd:15): Warning: missing </ul> before </div>
Flavors: r-devel-linux-x86_64-debian-clang, r-devel-linux-x86_64-debian-gcc