Last updated on 2025-11-15 11:50:52 CET.
| Flavor | Version | Tinstall | Tcheck | Ttotal | Status | Flags |
|---|---|---|---|---|---|---|
| r-devel-linux-x86_64-debian-clang | 2.0.9 | 25.41 | 70.39 | 95.80 | NOTE | |
| r-devel-linux-x86_64-debian-gcc | 2.0.9 | 14.94 | 52.55 | 67.49 | NOTE | |
| r-devel-linux-x86_64-fedora-clang | 2.0.9 | 83.00 | 86.04 | 169.04 | OK | |
| r-devel-linux-x86_64-fedora-gcc | 2.0.9 | 115.00 | 51.52 | 166.52 | OK | |
| r-devel-windows-x86_64 | 2.0.9 | 35.00 | 103.00 | 138.00 | NOTE | |
| r-patched-linux-x86_64 | 2.0.9 | 23.06 | 67.20 | 90.26 | OK | |
| r-release-linux-x86_64 | 2.0.9 | 22.74 | 67.27 | 90.01 | OK | |
| r-release-macos-arm64 | 2.0.9 | 8.00 | 45.00 | 53.00 | OK | |
| r-release-macos-x86_64 | 2.0.9 | 19.00 | 73.00 | 92.00 | OK | |
| r-release-windows-x86_64 | 2.0.9 | 33.00 | 96.00 | 129.00 | OK | |
| r-oldrel-macos-arm64 | 2.0.9 | 10.00 | 43.00 | 53.00 | OK | |
| r-oldrel-macos-x86_64 | 2.0.9 | 27.00 | 82.00 | 109.00 | OK | |
| r-oldrel-windows-x86_64 | 2.0.9 | 41.00 | 127.00 | 168.00 | OK |
Version: 2.0.9
Check: Rd files
Result: NOTE
checkRd: (-1) AML2004.Rd:10-14: Only 4 columns allowed in this table (row 1 has 3)
checkRd: (-1) AML2004.Rd:10-14: Only 4 columns allowed in this table (row 2 has 3)
checkRd: (-1) AML2004.Rd:10-14: Only 4 columns allowed in this table (row 3 has 3)
checkRd: (-1) KIRC.Rd:12-18: Only 4 columns allowed in this table (row 1 has 3)
checkRd: (-1) KIRC.Rd:12-18: Only 4 columns allowed in this table (row 2 has 3)
checkRd: (-1) KIRC.Rd:12-18: Only 4 columns allowed in this table (row 3 has 3)
checkRd: (-1) KIRC.Rd:12-18: Only 4 columns allowed in this table (row 4 has 3)
checkRd: (-1) KIRC.Rd:12-18: Only 4 columns allowed in this table (row 5 has 3)
Flavors: r-devel-linux-x86_64-debian-clang, r-devel-linux-x86_64-debian-gcc, r-devel-windows-x86_64