Last updated on 2025-11-16 09:49:36 CET.
| Flavor | Version | Tinstall | Tcheck | Ttotal | Status | Flags |
|---|---|---|---|---|---|---|
| r-devel-linux-x86_64-debian-clang | 0.1.0 | 5.30 | 51.76 | 57.06 | OK | |
| r-devel-linux-x86_64-debian-gcc | 0.1.0 | 3.97 | 36.69 | 40.66 | OK | |
| r-devel-linux-x86_64-fedora-clang | 0.1.0 | 54.00 | 47.62 | 101.62 | NOTE | |
| r-devel-linux-x86_64-fedora-gcc | 0.1.0 | 13.00 | 75.97 | 88.97 | NOTE | |
| r-devel-windows-x86_64 | 0.1.0 | 9.00 | 68.00 | 77.00 | OK | |
| r-patched-linux-x86_64 | 0.1.0 | 4.74 | 50.33 | 55.07 | OK | |
| r-release-linux-x86_64 | 0.1.0 | 5.40 | 49.92 | 55.32 | OK | |
| r-release-macos-arm64 | 0.1.0 | 3.00 | 26.00 | 29.00 | OK | |
| r-release-macos-x86_64 | 0.1.0 | 5.00 | 50.00 | 55.00 | OK | |
| r-release-windows-x86_64 | 0.1.0 | 7.00 | 67.00 | 74.00 | OK | |
| r-oldrel-macos-arm64 | 0.1.0 | 3.00 | 24.00 | 27.00 | OK | |
| r-oldrel-macos-x86_64 | 0.1.0 | 4.00 | 38.00 | 42.00 | OK | |
| r-oldrel-windows-x86_64 | 0.1.0 | 9.00 | 85.00 | 94.00 | OK |
Version: 0.1.0
Check: dependencies in R code
Result: NOTE
Namespace in Imports field not imported from: ‘ncvreg’
All declared Imports should be used.
Flavors: r-devel-linux-x86_64-fedora-clang, r-devel-linux-x86_64-fedora-gcc