Last updated on 2025-10-22 09:50:43 CEST.
Flavor | Version | Tinstall | Tcheck | Ttotal | Status | Flags |
---|---|---|---|---|---|---|
r-devel-linux-x86_64-debian-clang | 1.3.0 | 44.08 | 97.44 | 141.52 | NOTE | |
r-devel-linux-x86_64-debian-gcc | 1.3.0 | 36.25 | 69.30 | 105.55 | NOTE | |
r-devel-linux-x86_64-fedora-clang | 1.3.0 | 219.00 | 29.32 | 248.32 | OK | |
r-devel-linux-x86_64-fedora-gcc | 1.3.0 | 120.00 | 135.84 | 255.84 | OK | |
r-devel-windows-x86_64 | 1.3.0 | 57.00 | 141.00 | 198.00 | OK | |
r-patched-linux-x86_64 | 1.3.0 | 46.98 | 91.01 | 137.99 | OK | |
r-release-linux-x86_64 | 1.3.0 | 49.41 | 91.18 | 140.59 | OK | |
r-release-macos-arm64 | 1.3.0 | 23.00 | 82.00 | 105.00 | OK | |
r-release-macos-x86_64 | 1.3.0 | 44.00 | 146.00 | 190.00 | OK | |
r-release-windows-x86_64 | 1.3.0 | 59.00 | 141.00 | 200.00 | OK | |
r-oldrel-macos-arm64 | 1.3.0 | 19.00 | 58.00 | 77.00 | NOTE | |
r-oldrel-macos-x86_64 | 1.3.0 | 32.00 | 82.00 | 114.00 | NOTE | |
r-oldrel-windows-x86_64 | 1.3.0 | 69.00 | 178.00 | 247.00 | NOTE |
Version: 1.3.0
Check: HTML version of manual
Result: NOTE
Found the following HTML validation problems:
GaborFeatureExtract.html:65:1 (GaborFeatureExtract.Rd:140): Warning: <h3> anchor "Methods" already defined
GaborFeatureExtract.html:119:1 (GaborFeatureExtract.Rd:165): Warning: <h5> anchor "Usage" already defined
GaborFeatureExtract.html:160:1 (GaborFeatureExtract.Rd:195): Warning: <h5> anchor "Usage" already defined
GaborFeatureExtract.html:180:1 (GaborFeatureExtract.Rd:213): Warning: <h5> anchor "Arguments" already defined
GaborFeatureExtract.html:225:1 (GaborFeatureExtract.Rd:249): Warning: <h5> anchor "Usage" already defined
GaborFeatureExtract.html:245:1 (GaborFeatureExtract.Rd:267): Warning: <h5> anchor "Arguments" already defined
GaborFeatureExtract.html:290:1 (GaborFeatureExtract.Rd:303): Warning: <h5> anchor "Usage" already defined
GaborFeatureExtract.html:300:1 (GaborFeatureExtract.Rd:311): Warning: <h5> anchor "Arguments" already defined
GaborFeatureExtract.html:325:1 (GaborFeatureExtract.Rd:327): Warning: <h5> anchor "Usage" already defined
GaborFeatureExtract.html:337:1 (GaborFeatureExtract.Rd:337): Warning: <h5> anchor "Arguments" already defined
GaborFeatureExtract.html:368:1 (GaborFeatureExtract.Rd:358): Warning: <h5> anchor "Usage" already defined
GaborFeatureExtract.html:374:1 (GaborFeatureExtract.Rd:362): Warning: <h5> anchor "Arguments" already defined
Flavors: r-devel-linux-x86_64-debian-clang, r-devel-linux-x86_64-debian-gcc
Version: 1.3.0
Check: installed package size
Result: NOTE
installed size is 10.5Mb
sub-directories of 1Mb or more:
doc 2.4Mb
libs 7.1Mb
Flavors: r-oldrel-macos-arm64, r-oldrel-macos-x86_64, r-oldrel-windows-x86_64