Last updated on 2025-11-03 09:49:38 CET.
| Flavor | Version | Tinstall | Tcheck | Ttotal | Status | Flags | 
|---|---|---|---|---|---|---|
| r-devel-linux-x86_64-debian-clang | 1.0.0 | 1.79 | 22.24 | 24.03 | NOTE | |
| r-devel-linux-x86_64-debian-gcc | 1.0.0 | 1.37 | 17.90 | 19.27 | NOTE | |
| r-devel-linux-x86_64-fedora-clang | 1.0.0 | 38.05 | OK | |||
| r-devel-linux-x86_64-fedora-gcc | 1.0.0 | 33.99 | OK | |||
| r-devel-windows-x86_64 | 1.0.0 | 3.00 | 42.00 | 45.00 | OK | |
| r-patched-linux-x86_64 | 1.0.0 | 1.91 | 20.97 | 22.88 | OK | |
| r-release-linux-x86_64 | 1.0.0 | 1.73 | 21.15 | 22.88 | OK | |
| r-release-macos-arm64 | 1.0.0 | 1.00 | 15.00 | 16.00 | OK | |
| r-release-macos-x86_64 | 1.0.0 | 2.00 | 28.00 | 30.00 | OK | |
| r-release-windows-x86_64 | 1.0.0 | 3.00 | 40.00 | 43.00 | OK | |
| r-oldrel-macos-arm64 | 1.0.0 | 1.00 | 15.00 | 16.00 | OK | |
| r-oldrel-macos-x86_64 | 1.0.0 | 1.00 | 22.00 | 23.00 | OK | |
| r-oldrel-windows-x86_64 | 1.0.0 | 4.00 | 40.00 | 44.00 | OK | 
Version: 1.0.0
Check: CRAN incoming feasibility
Result: NOTE
  Maintainer: ‘Hai-Tang Chiou <htchiou1@gmail.com>’
  
  No Authors@R field in DESCRIPTION.
  Please add one, modifying
    Authors@R: c(person(given = "Hai-Tang",
                        family = "Chiou",
                        role = c("aut", "cre"),
                        email = "htchiou1@gmail.com"),
                 person(given = "Ching-Kang",
                        family = "Ing",
                        role = "aut"),
                 person(given = c("Tze", "Leung"),
                        family = "Lai",
                        role = "aut"))
  as necessary.
Flavors: r-devel-linux-x86_64-debian-clang, r-devel-linux-x86_64-debian-gcc