Last updated on 2025-11-15 11:50:51 CET.
| Flavor | Version | Tinstall | Tcheck | Ttotal | Status | Flags |
|---|---|---|---|---|---|---|
| r-devel-linux-x86_64-debian-clang | 0.10.3 | 81.14 | 183.07 | 264.21 | OK | |
| r-devel-linux-x86_64-debian-gcc | 0.10.3 | 65.20 | 125.00 | 190.20 | OK | |
| r-devel-linux-x86_64-fedora-clang | 0.10.3 | 180.00 | 259.52 | 439.52 | OK | |
| r-devel-linux-x86_64-fedora-gcc | 0.10.3 | 190.00 | 243.14 | 433.14 | OK | |
| r-devel-windows-x86_64 | 0.10.3 | 79.00 | 154.00 | 233.00 | OK | |
| r-patched-linux-x86_64 | 0.10.3 | 79.76 | 171.52 | 251.28 | OK | |
| r-release-linux-x86_64 | 0.10.3 | 80.56 | 174.21 | 254.77 | OK | |
| r-release-macos-arm64 | 0.10.3 | 44.00 | 63.00 | 107.00 | OK | |
| r-release-macos-x86_64 | 0.10.3 | 115.00 | 135.00 | 250.00 | OK | |
| r-release-windows-x86_64 | 0.10.3 | 69.00 | 151.00 | 220.00 | OK | |
| r-oldrel-macos-arm64 | 0.10.3 | 46.00 | 66.00 | 112.00 | NOTE | |
| r-oldrel-macos-x86_64 | 0.10.3 | 105.00 | 169.00 | 274.00 | NOTE | |
| r-oldrel-windows-x86_64 | 0.10.3 | 120.00 | 210.00 | 330.00 | NOTE |
Version: 0.10.3
Check: package dependencies
Result: NOTE
Depends: includes the non-default packages:
'Cubist', 'Metrics', 'arm', 'brnn', 'broom', 'car', 'caret',
'corrplot', 'doParallel', 'dplyr', 'e1071', 'earth', 'gam', 'gbm',
'ggplot2', 'glmnet', 'gridExtra', 'ipred', 'leaps', 'nnet', 'olsrr',
'parallel', 'pls', 'purrr', 'randomForest', 'reactable',
'reactablefmtr', 'readr', 'rpart', 'tidyr', 'tree', 'xgboost'
Adding so many packages to the search path is excessive and importing
selectively is preferable.
Flavors: r-oldrel-macos-arm64, r-oldrel-macos-x86_64, r-oldrel-windows-x86_64