Last updated on 2025-10-24 09:50:10 CEST.
| Flavor | Version | Tinstall | Tcheck | Ttotal | Status | Flags |
|---|---|---|---|---|---|---|
| r-devel-linux-x86_64-debian-clang | 1.0.4.2 | 1.94 | 29.15 | 31.09 | OK | |
| r-devel-linux-x86_64-debian-gcc | 1.0.4.2 | 1.55 | 23.77 | 25.32 | OK | |
| r-devel-linux-x86_64-fedora-clang | 1.0.4.2 | 47.12 | OK | |||
| r-devel-linux-x86_64-fedora-gcc | 1.0.4.2 | 58.38 | OK | |||
| r-devel-windows-x86_64 | 1.0.4.2 | 3.00 | 64.00 | 67.00 | OK | |
| r-patched-linux-x86_64 | 1.0.4.2 | 2.16 | 27.95 | 30.11 | OK | |
| r-release-linux-x86_64 | 1.0.4.2 | 1.93 | 27.92 | 29.85 | OK | |
| r-release-macos-arm64 | 1.0.4.2 | 1.00 | 25.00 | 26.00 | OK | |
| r-release-macos-x86_64 | 1.0.4.2 | 2.00 | 54.00 | 56.00 | OK | |
| r-release-windows-x86_64 | 1.0.4.2 | 4.00 | 70.00 | 74.00 | OK | |
| r-oldrel-macos-arm64 | 1.0.4.2 | 1.00 | 26.00 | 27.00 | NOTE | |
| r-oldrel-macos-x86_64 | 1.0.4.2 | 2.00 | 49.00 | 51.00 | NOTE | |
| r-oldrel-windows-x86_64 | 1.0.4.2 | 5.00 | 73.00 | 78.00 | NOTE |
Version: 1.0.4.2
Check: LazyData
Result: NOTE
'LazyData' is specified without a 'data' directory
Flavors: r-oldrel-macos-arm64, r-oldrel-macos-x86_64, r-oldrel-windows-x86_64