Last updated on 2025-10-22 09:50:42 CEST.
Flavor | Version | Tinstall | Tcheck | Ttotal | Status | Flags |
---|---|---|---|---|---|---|
r-devel-linux-x86_64-debian-clang | 0.13.6 | 183.84 | 132.62 | 316.46 | NOTE | |
r-devel-linux-x86_64-debian-gcc | 0.13.6 | 109.86 | 84.48 | 194.34 | NOTE | |
r-devel-linux-x86_64-fedora-clang | 0.13.6 | 308.00 | 290.59 | 598.59 | OK | |
r-devel-linux-x86_64-fedora-gcc | 0.13.6 | 170.00 | 343.90 | 513.90 | OK | |
r-devel-windows-x86_64 | 0.13.6 | 207.00 | 155.00 | 362.00 | OK | |
r-patched-linux-x86_64 | 0.13.6 | 173.24 | 121.96 | 295.20 | OK | |
r-release-linux-x86_64 | 0.13.6 | 175.77 | 120.33 | 296.10 | OK | |
r-release-macos-arm64 | 0.13.6 | 62.00 | 55.00 | 117.00 | OK | |
r-release-macos-x86_64 | 0.13.6 | 61.00 | 110.00 | 171.00 | OK | |
r-release-windows-x86_64 | 0.13.6 | 195.00 | 154.00 | 349.00 | OK | |
r-oldrel-macos-arm64 | 0.13.6 | 64.00 | 61.00 | 125.00 | NOTE | |
r-oldrel-macos-x86_64 | 0.13.6 | 58.00 | 95.00 | 153.00 | NOTE | |
r-oldrel-windows-x86_64 | 0.13.6 | 245.00 | 202.00 | 447.00 | OK |
Version: 0.13.6
Check: HTML version of manual
Result: NOTE
Found the following HTML validation problems:
invwishrnd.html:50:1 (invwishrnd.Rd:12): Warning: missing </ul> before </div>
lgamma_mv.html:50:1 (lgamma_mv.Rd:12): Warning: missing </ul> before </div>
plot_ConvDPM.html:76:1 (plot_ConvDPM.Rd:30): Warning: missing </ul> before </div>
update_SS.html:54:1 (update_SS.Rd:14): Warning: missing </ul> before </div>
update_SSsn.html:58:1 (update_SSsn.Rd:16): Warning: missing </ul> before </div>
update_SSst.html:66:1 (update_SSst.Rd:21): Warning: missing </ul> before </div>
wishrnd.html:50:1 (wishrnd.Rd:12): Warning: missing </ul> before </div>
Flavors: r-devel-linux-x86_64-debian-clang, r-devel-linux-x86_64-debian-gcc
Version: 0.13.6
Check: installed package size
Result: NOTE
installed size is 7.5Mb
sub-directories of 1Mb or more:
libs 6.8Mb
Flavors: r-oldrel-macos-arm64, r-oldrel-macos-x86_64