CRAN Package Check Results for Package MultisiteMediation

Last updated on 2025-10-22 09:50:41 CEST.

Flavor Version Tinstall Tcheck Ttotal Status Flags
r-devel-linux-x86_64-debian-clang 0.0.4 19.92 145.43 165.35 NOTE
r-devel-linux-x86_64-debian-gcc 0.0.4 12.34 95.88 108.22 NOTE
r-devel-linux-x86_64-fedora-clang 0.0.4 92.00 186.57 278.57 OK
r-devel-linux-x86_64-fedora-gcc 0.0.4 40.00 207.69 247.69 OK
r-devel-windows-x86_64 0.0.4 19.00 137.00 156.00 OK
r-patched-linux-x86_64 0.0.4 17.90 138.67 156.57 OK
r-release-linux-x86_64 0.0.4 17.62 138.72 156.34 OK
r-release-macos-arm64 0.0.4 10.00 74.00 84.00 OK
r-release-macos-x86_64 0.0.4 15.00 103.00 118.00 OK
r-release-windows-x86_64 0.0.4 19.00 139.00 158.00 OK
r-oldrel-macos-arm64 0.0.4 10.00 52.00 62.00 OK
r-oldrel-macos-x86_64 0.0.4 11.00 78.00 89.00 OK
r-oldrel-windows-x86_64 0.0.4 27.00 177.00 204.00 OK

Check Details

Version: 0.0.4
Check: CRAN incoming feasibility
Result: NOTE Maintainer: ‘Xu Qin <xuqin@pitt.edu>’ No Authors@R field in DESCRIPTION. Please add one, modifying Authors@R: c(person(given = "Xu", family = "Qin", role = c("aut", "cre"), email = "xuqin@pitt.edu"), person(given = "Guanglei", family = "Hong", role = "aut"), person(given = "Jonah", family = "Deutsch", role = "aut"), person(given = "Edward", family = "Bein", role = "aut")) as necessary. Flavors: r-devel-linux-x86_64-debian-clang, r-devel-linux-x86_64-debian-gcc