CRAN Package Check Results for Package MCDA

Last updated on 2025-11-16 09:49:32 CET.

Flavor Version Tinstall Tcheck Ttotal Status Flags
r-devel-linux-x86_64-debian-clang 0.1.0 16.59 151.02 167.61 NOTE
r-devel-linux-x86_64-debian-gcc 0.1.0 13.51 98.88 112.39 NOTE
r-devel-linux-x86_64-fedora-clang 0.1.0 83.00 198.71 281.71 OK
r-devel-linux-x86_64-fedora-gcc 0.1.0 88.00 174.74 262.74 OK
r-devel-windows-x86_64 0.1.0 22.00 148.00 170.00 OK
r-patched-linux-x86_64 0.1.0 17.32 141.13 158.45 OK
r-release-linux-x86_64 0.1.0 15.71 141.97 157.68 OK
r-release-macos-arm64 0.1.0 10.00 77.00 87.00 OK
r-release-macos-x86_64 0.1.0 13.00 106.00 119.00 OK
r-release-windows-x86_64 0.1.0 20.00 146.00 166.00 OK
r-oldrel-macos-arm64 0.1.0 7.00 54.00 61.00 OK
r-oldrel-macos-x86_64 0.1.0 16.00 103.00 119.00 OK
r-oldrel-windows-x86_64 0.1.0 29.00 193.00 222.00 OK

Additional issues

noLD

Check Details

Version: 0.1.0
Check: CRAN incoming feasibility
Result: NOTE Maintainer: ‘David Palma <d.palma@leeds.ac.uk>’ No Authors@R field in DESCRIPTION. Please add one, modifying Authors@R: c(person(given = "Patrick", family = "Meyer", role = "aut"), person(given = "Sébastien", family = "Bigaret", role = "aut"), person(given = "Richard", family = "Hodgett", role = "aut"), person(given = "Alexandru-Liviu", family = "Olteanu", role = "aut"), person(given = "David", family = "Palma", role = c("aut", "cre"), email = "d.palma@leeds.ac.uk"), person(given = c("Aritad", "Alan"), family = "Choicharoon", role = "aut")) as necessary. Flavors: r-devel-linux-x86_64-debian-clang, r-devel-linux-x86_64-debian-gcc