Last updated on 2025-10-31 09:50:21 CET.
| Flavor | Version | Tinstall | Tcheck | Ttotal | Status | Flags | 
|---|---|---|---|---|---|---|
| r-devel-linux-x86_64-debian-clang | 0.1.1 | 11.87 | 147.83 | 159.70 | OK | |
| r-devel-linux-x86_64-debian-gcc | 0.1.1 | 7.59 | 96.98 | 104.57 | OK | |
| r-devel-linux-x86_64-fedora-clang | 0.1.1 | 90.00 | 159.33 | 249.33 | OK | |
| r-devel-linux-x86_64-fedora-gcc | 0.1.1 | 93.00 | 166.08 | 259.08 | OK | |
| r-devel-windows-x86_64 | 0.1.1 | 12.00 | 133.00 | 145.00 | OK | |
| r-patched-linux-x86_64 | 0.1.1 | 11.24 | 140.78 | 152.02 | OK | |
| r-release-linux-x86_64 | 0.1.1 | 11.30 | 140.34 | 151.64 | OK | |
| r-release-macos-arm64 | 0.1.1 | 6.00 | 76.00 | 82.00 | OK | |
| r-release-macos-x86_64 | 0.1.1 | 10.00 | 132.00 | 142.00 | OK | |
| r-release-windows-x86_64 | 0.1.1 | 13.00 | 133.00 | 146.00 | OK | |
| r-oldrel-macos-arm64 | 0.1.1 | 5.00 | 63.00 | 68.00 | NOTE | |
| r-oldrel-macos-x86_64 | 0.1.1 | 9.00 | 101.00 | 110.00 | NOTE | |
| r-oldrel-windows-x86_64 | 0.1.1 | 14.00 | 183.00 | 197.00 | NOTE | 
Version: 0.1.1
Check: LazyData
Result: NOTE
    'LazyData' is specified without a 'data' directory
Flavors: r-oldrel-macos-arm64, r-oldrel-macos-x86_64, r-oldrel-windows-x86_64