Last updated on 2025-10-31 09:50:21 CET.
| Flavor | Version | Tinstall | Tcheck | Ttotal | Status | Flags | 
|---|---|---|---|---|---|---|
| r-devel-linux-x86_64-debian-clang | 2.1.2 | 4.09 | 64.03 | 68.12 | NOTE | |
| r-devel-linux-x86_64-debian-gcc | 2.1.2 | 2.81 | 43.63 | 46.44 | NOTE | |
| r-devel-linux-x86_64-fedora-clang | 2.1.2 | 23.00 | 90.96 | 113.96 | OK | |
| r-devel-linux-x86_64-fedora-gcc | 2.1.2 | 123.44 | OK | |||
| r-devel-windows-x86_64 | 2.1.2 | 4.00 | 96.00 | 100.00 | OK | |
| r-patched-linux-x86_64 | 2.1.2 | 3.75 | 59.56 | 63.31 | OK | |
| r-release-linux-x86_64 | 2.1.2 | 3.85 | 59.51 | 63.36 | OK | |
| r-release-macos-arm64 | 2.1.2 | 2.00 | 37.00 | 39.00 | OK | |
| r-release-macos-x86_64 | 2.1.2 | 4.00 | 81.00 | 85.00 | OK | |
| r-release-windows-x86_64 | 2.1.2 | 7.00 | 98.00 | 105.00 | OK | |
| r-oldrel-macos-arm64 | 2.1.2 | 2.00 | 37.00 | 39.00 | OK | |
| r-oldrel-macos-x86_64 | 2.1.2 | 3.00 | 63.00 | 66.00 | OK | |
| r-oldrel-windows-x86_64 | 2.1.2 | 5.00 | 127.00 | 132.00 | OK | 
Version: 2.1.2
Check: CRAN incoming feasibility
Result: NOTE
  Maintainer: ‘Lisa Ouellette <louellet@uncc.edu>’
  
  Package CITATION file contains call(s) to old-style personList() or
  as.personList().  Please use c() on person objects instead.
  Package CITATION file contains call(s) to old-style citEntry().  Please
  use bibentry() instead.
Flavors: r-devel-linux-x86_64-debian-clang, r-devel-linux-x86_64-debian-gcc