Last updated on 2025-10-23 10:48:45 CEST.
| Flavor | Version | Tinstall | Tcheck | Ttotal | Status | Flags |
|---|---|---|---|---|---|---|
| r-devel-linux-x86_64-debian-clang | 0.1.1 | 5.18 | 35.73 | 40.91 | NOTE | |
| r-devel-linux-x86_64-debian-gcc | 0.1.1 | 3.46 | 25.18 | 28.64 | NOTE | |
| r-devel-linux-x86_64-fedora-clang | 0.1.1 | 11.00 | 51.50 | 62.50 | OK | |
| r-devel-linux-x86_64-fedora-gcc | 0.1.1 | 15.00 | 44.83 | 59.83 | OK | |
| r-devel-windows-x86_64 | 0.1.1 | 6.00 | 47.00 | 53.00 | OK | |
| r-patched-linux-x86_64 | 0.1.1 | 5.43 | 33.42 | 38.85 | OK | |
| r-release-linux-x86_64 | 0.1.1 | 4.84 | 33.43 | 38.27 | OK | |
| r-release-macos-arm64 | 0.1.1 | 2.00 | 18.00 | 20.00 | OK | |
| r-release-macos-x86_64 | 0.1.1 | 4.00 | 31.00 | 35.00 | OK | |
| r-release-windows-x86_64 | 0.1.1 | 6.00 | 49.00 | 55.00 | OK | |
| r-oldrel-macos-arm64 | 0.1.1 | 2.00 | 17.00 | 19.00 | OK | |
| r-oldrel-macos-x86_64 | 0.1.1 | 3.00 | 27.00 | 30.00 | OK | |
| r-oldrel-windows-x86_64 | 0.1.1 | 5.00 | 47.00 | 52.00 | OK |
Version: 0.1.1
Check: CRAN incoming feasibility
Result: NOTE
Maintainer: ‘Brian P. O'Connor <brian.oconnor@ubc.ca>’
No Authors@R field in DESCRIPTION.
Please add one, modifying
Authors@R: c(person(given = c("Zakary", "A.", "Draper", "&", "Brian", "P."),
family = "O'Connor",
role = "aut"),
person(given = c("Brian", "P."),
family = "O'Connor",
role = "cre",
email = "brian.oconnor@ubc.ca"))
as necessary.
Flavors: r-devel-linux-x86_64-debian-clang, r-devel-linux-x86_64-debian-gcc