Last updated on 2025-10-24 09:50:08 CEST.
| Flavor | Version | Tinstall | Tcheck | Ttotal | Status | Flags |
|---|---|---|---|---|---|---|
| r-devel-linux-x86_64-debian-clang | 2.1 | 2.04 | 25.81 | 27.85 | NOTE | |
| r-devel-linux-x86_64-debian-gcc | 2.1 | 1.73 | 20.71 | 22.44 | NOTE | |
| r-devel-linux-x86_64-fedora-clang | 2.1 | 41.57 | OK | |||
| r-devel-linux-x86_64-fedora-gcc | 2.1 | 39.92 | OK | |||
| r-devel-windows-x86_64 | 2.1 | 4.00 | 43.00 | 47.00 | OK | |
| r-patched-linux-x86_64 | 2.1 | 2.18 | 24.50 | 26.68 | OK | |
| r-release-linux-x86_64 | 2.1 | 2.14 | 24.57 | 26.71 | OK | |
| r-release-macos-arm64 | 2.1 | 1.00 | 16.00 | 17.00 | OK | |
| r-release-macos-x86_64 | 2.1 | 2.00 | 25.00 | 27.00 | OK | |
| r-release-windows-x86_64 | 2.1 | 4.00 | 45.00 | 49.00 | OK | |
| r-oldrel-macos-arm64 | 2.1 | 1.00 | 17.00 | 18.00 | OK | |
| r-oldrel-macos-x86_64 | 2.1 | 2.00 | 21.00 | 23.00 | OK | |
| r-oldrel-windows-x86_64 | 2.1 | 5.00 | 51.00 | 56.00 | OK |
Version: 2.1
Check: CRAN incoming feasibility
Result: NOTE
Maintainer: ‘Kaijun Wang <kaijun.wang@temple.edu>’
No Authors@R field in DESCRIPTION.
Please add one, modifying
Authors@R: c(person(given = "Subhadeep",
family = "Mukhopadhyay",
role = "aut"),
person(given = "Kaijun",
family = "Wang",
role = c("aut", "cre"),
email = "kaijun.wang@temple.edu"))
as necessary.
Flavors: r-devel-linux-x86_64-debian-clang, r-devel-linux-x86_64-debian-gcc