Last updated on 2025-11-16 09:49:31 CET.
| Flavor | Version | Tinstall | Tcheck | Ttotal | Status | Flags |
|---|---|---|---|---|---|---|
| r-devel-linux-x86_64-debian-clang | 1.1.5 | 3.33 | 42.53 | 45.86 | NOTE | |
| r-devel-linux-x86_64-debian-gcc | 1.1.5 | 2.42 | 30.92 | 33.34 | NOTE | |
| r-devel-linux-x86_64-fedora-clang | 1.1.5 | 70.03 | OK | |||
| r-devel-linux-x86_64-fedora-gcc | 1.1.5 | 68.55 | OK | |||
| r-devel-windows-x86_64 | 1.1.5 | 8.00 | 62.00 | 70.00 | NOTE | |
| r-patched-linux-x86_64 | 1.1.5 | 3.21 | 40.22 | 43.43 | NOTE | |
| r-release-linux-x86_64 | 1.1.5 | 3.18 | 40.23 | 43.41 | NOTE | |
| r-release-macos-arm64 | 1.1.5 | 2.00 | 19.00 | 21.00 | OK | |
| r-release-macos-x86_64 | 1.1.5 | 3.00 | 37.00 | 40.00 | OK | |
| r-release-windows-x86_64 | 1.1.5 | 7.00 | 63.00 | 70.00 | NOTE | |
| r-oldrel-macos-arm64 | 1.1.5 | 2.00 | 20.00 | 22.00 | OK | |
| r-oldrel-macos-x86_64 | 1.1.5 | 2.00 | 33.00 | 35.00 | OK | |
| r-oldrel-windows-x86_64 | 1.1.5 | 5.00 | 74.00 | 79.00 | OK |
Version: 1.1.5
Check: CRAN incoming feasibility
Result: NOTE
Maintainer: ‘Benjamin Auder <benjamin.auder@universite-paris-saclay.fr>’
No Authors@R field in DESCRIPTION.
Please add one, modifying
Authors@R: c(person(given = "Yannick",
family = "Baraud",
role = "aut"),
person(given = "Christophe",
family = "Giraud",
role = "aut"),
person(given = "Sylvie",
family = "Huet",
role = "aut"),
person(given = "Benjamin",
family = "Auder",
role = "cre",
email = "benjamin.auder@universite-paris-saclay.fr"))
as necessary.
Flavors: r-devel-linux-x86_64-debian-clang, r-devel-linux-x86_64-debian-gcc
Version: 1.1.5
Check: Rd cross-references
Result: NOTE
Found the following Rd file(s) with Rd \link{} targets missing package
anchors:
VARselect.Rd: lm.ridge
Please provide package anchors for all Rd \link{} targets not in the
package itself and the base packages.
Flavors: r-devel-linux-x86_64-debian-clang, r-devel-linux-x86_64-debian-gcc, r-devel-windows-x86_64, r-patched-linux-x86_64, r-release-linux-x86_64, r-release-windows-x86_64