Last updated on 2025-11-16 09:49:31 CET.
| Flavor | Version | Tinstall | Tcheck | Ttotal | Status | Flags |
|---|---|---|---|---|---|---|
| r-devel-linux-x86_64-debian-clang | 0.3.0 | 24.41 | 200.94 | 225.35 | NOTE | |
| r-devel-linux-x86_64-debian-gcc | 0.3.0 | 16.81 | 123.42 | 140.23 | NOTE | |
| r-devel-linux-x86_64-fedora-clang | 0.3.0 | 98.00 | 299.27 | 397.27 | NOTE | |
| r-devel-linux-x86_64-fedora-gcc | 0.3.0 | 85.00 | 281.02 | 366.02 | NOTE | |
| r-devel-windows-x86_64 | 0.3.0 | 26.00 | 152.00 | 178.00 | NOTE | |
| r-patched-linux-x86_64 | 0.3.0 | 22.88 | 191.84 | 214.72 | NOTE | |
| r-release-linux-x86_64 | 0.3.0 | 20.34 | 190.33 | 210.67 | NOTE | |
| r-release-macos-arm64 | 0.3.0 | 10.00 | 73.00 | 83.00 | NOTE | |
| r-release-macos-x86_64 | 0.3.0 | 22.00 | 155.00 | 177.00 | NOTE | |
| r-release-windows-x86_64 | 0.3.0 | 21.00 | 151.00 | 172.00 | NOTE | |
| r-oldrel-macos-arm64 | 0.3.0 | 9.00 | 68.00 | 77.00 | OK | |
| r-oldrel-macos-x86_64 | 0.3.0 | 27.00 | 122.00 | 149.00 | OK | |
| r-oldrel-windows-x86_64 | 0.3.0 | 30.00 | 219.00 | 249.00 | OK |
Version: 0.3.0
Check: DESCRIPTION meta-information
Result: NOTE
Missing dependency on R >= 4.1.0 because package code uses the pipe
|> or function shorthand \(...) syntax added in R 4.1.0.
File(s) using such syntax:
‘NDVI2LAI.R’
Flavors: r-devel-linux-x86_64-debian-clang, r-devel-linux-x86_64-debian-gcc, r-devel-linux-x86_64-fedora-clang, r-devel-linux-x86_64-fedora-gcc, r-devel-windows-x86_64, r-patched-linux-x86_64, r-release-linux-x86_64, r-release-macos-arm64, r-release-macos-x86_64, r-release-windows-x86_64