Last updated on 2025-10-22 09:50:36 CEST.
Flavor | Version | Tinstall | Tcheck | Ttotal | Status | Flags |
---|---|---|---|---|---|---|
r-devel-linux-x86_64-debian-clang | 0.2.2 | 7.12 | 62.16 | 69.28 | NOTE | |
r-devel-linux-x86_64-debian-gcc | 0.2.2 | 4.94 | 42.77 | 47.71 | NOTE | |
r-devel-linux-x86_64-fedora-clang | 0.2.2 | 19.00 | 83.35 | 102.35 | OK | |
r-devel-linux-x86_64-fedora-gcc | 0.2.2 | 18.00 | 77.29 | 95.29 | OK | |
r-devel-windows-x86_64 | 0.2.2 | 9.00 | 72.00 | 81.00 | OK | |
r-patched-linux-x86_64 | 0.2.2 | 6.26 | 56.93 | 63.19 | OK | |
r-release-linux-x86_64 | 0.2.2 | 7.41 | 56.62 | 64.03 | OK | |
r-release-macos-arm64 | 0.2.2 | 3.00 | 26.00 | 29.00 | OK | |
r-release-macos-x86_64 | 0.2.2 | 7.00 | 51.00 | 58.00 | OK | |
r-release-windows-x86_64 | 0.2.2 | 11.00 | 73.00 | 84.00 | OK | |
r-oldrel-macos-arm64 | 0.2.2 | 4.00 | 31.00 | 35.00 | OK | |
r-oldrel-macos-x86_64 | 0.2.2 | 9.00 | 61.00 | 70.00 | OK | |
r-oldrel-windows-x86_64 | 0.2.2 | 11.00 | 90.00 | 101.00 | OK |
Version: 0.2.2
Check: DESCRIPTION meta-information
Result: NOTE
Author field differs from that derived from Authors@R
Author: ‘David Baranger [aut, cre] (<https://orcid.org/0000-0002-6659-357X>, davidbaranger.com), Brandon Goldstein [ctb], Megan Finsaas [ctb], Thomas Olino [ctb], Colin Vize [ctb], Don Lynam [ctb]’
Authors@R: ‘David Baranger [aut, cre] (ORCID: <https://orcid.org/0000-0002-6659-357X>, website: davidbaranger.com), Brandon Goldstein [ctb], Megan Finsaas [ctb], Thomas Olino [ctb], Colin Vize [ctb], Don Lynam [ctb]’
Flavors: r-devel-linux-x86_64-debian-clang, r-devel-linux-x86_64-debian-gcc