Last updated on 2025-10-31 09:50:20 CET.
| Flavor | Version | Tinstall | Tcheck | Ttotal | Status | Flags | 
|---|---|---|---|---|---|---|
| r-devel-linux-x86_64-debian-clang | 0.6-2 | 2.57 | 26.34 | 28.91 | NOTE | |
| r-devel-linux-x86_64-debian-gcc | 0.6-2 | 1.71 | 20.63 | 22.34 | NOTE | |
| r-devel-linux-x86_64-fedora-clang | 0.6-2 | 44.86 | OK | |||
| r-devel-linux-x86_64-fedora-gcc | 0.6-2 | 41.08 | OK | |||
| r-devel-windows-x86_64 | 0.6-2 | 4.00 | 44.00 | 48.00 | OK | |
| r-patched-linux-x86_64 | 0.6-2 | 2.62 | 25.05 | 27.67 | OK | |
| r-release-linux-x86_64 | 0.6-2 | 2.60 | 25.17 | 27.77 | OK | |
| r-release-macos-arm64 | 0.6-2 | 2.00 | 18.00 | 20.00 | OK | |
| r-release-macos-x86_64 | 0.6-2 | 3.00 | 30.00 | 33.00 | OK | |
| r-release-windows-x86_64 | 0.6-2 | 4.00 | 48.00 | 52.00 | OK | |
| r-oldrel-macos-arm64 | 0.6-2 | 1.00 | 18.00 | 19.00 | OK | |
| r-oldrel-macos-x86_64 | 0.6-2 | 2.00 | 23.00 | 25.00 | OK | |
| r-oldrel-windows-x86_64 | 0.6-2 | 5.00 | 53.00 | 58.00 | OK | 
Version: 0.6-2
Check: CRAN incoming feasibility
Result: NOTE
  Maintainer: ‘Uwe Block <u.block.mz@googlemail.com>’
  
  No Authors@R field in DESCRIPTION.
  Please add one, modifying
    Authors@R: c(person(given = "Uwe",
                        family = "Block",
                        role = c("aut", "cre"),
                        email = "u.block.mz@googlemail.com"),
                 person(given = c("using", "an", "algorithm", "by", "Hatto"),
                        family = "von Hatzfeld",
                        role = "aut",
                        email = "hatto@salesianer.de"))
  as necessary.
Flavors: r-devel-linux-x86_64-debian-clang, r-devel-linux-x86_64-debian-gcc