Last updated on 2025-10-24 09:50:06 CEST.
| Flavor | Version | Tinstall | Tcheck | Ttotal | Status | Flags |
|---|---|---|---|---|---|---|
| r-devel-linux-x86_64-debian-clang | 0.1.0 | 2.22 | 24.76 | 26.98 | NOTE | |
| r-devel-linux-x86_64-debian-gcc | 0.1.0 | 1.72 | 19.96 | 21.68 | NOTE | |
| r-devel-linux-x86_64-fedora-clang | 0.1.0 | 38.54 | OK | |||
| r-devel-linux-x86_64-fedora-gcc | 0.1.0 | 36.25 | OK | |||
| r-devel-windows-x86_64 | 0.1.0 | 3.00 | 43.00 | 46.00 | OK | |
| r-patched-linux-x86_64 | 0.1.0 | 1.82 | 23.34 | 25.16 | OK | |
| r-release-linux-x86_64 | 0.1.0 | 2.00 | 23.63 | 25.63 | OK | |
| r-release-macos-arm64 | 0.1.0 | 1.00 | 18.00 | 19.00 | OK | |
| r-release-macos-x86_64 | 0.1.0 | 2.00 | 27.00 | 29.00 | OK | |
| r-release-windows-x86_64 | 0.1.0 | 4.00 | 45.00 | 49.00 | OK | |
| r-oldrel-macos-arm64 | 0.1.0 | 1.00 | 15.00 | 16.00 | OK | |
| r-oldrel-macos-x86_64 | 0.1.0 | 2.00 | 23.00 | 25.00 | OK | |
| r-oldrel-windows-x86_64 | 0.1.0 | 4.00 | 54.00 | 58.00 | OK |
Version: 0.1.0
Check: CRAN incoming feasibility
Result: NOTE
Maintainer: ‘Nitesh Kumar Sharma <sharmanitesh.iasri@gmail.com>’
No Authors@R field in DESCRIPTION.
Please add one, modifying
Authors@R: c(person(given = c("Nitesh", "Kumar"),
family = "Sharma",
role = c("aut", "cre"),
email = "sharmanitesh.iasri@gmail.com"),
person(given = c("Dwijesh", "Chandra"),
family = "Mishra",
role = "aut"),
person(given = "Neeraj",
family = "Budhlakoti",
role = "aut"),
person(given = c("Md.", "Samir"),
family = "Farooqi",
role = "aut"))
as necessary.
Flavors: r-devel-linux-x86_64-debian-clang, r-devel-linux-x86_64-debian-gcc