Last updated on 2025-10-22 09:50:36 CEST.
Flavor | Version | Tinstall | Tcheck | Ttotal | Status | Flags |
---|---|---|---|---|---|---|
r-devel-linux-x86_64-debian-clang | 0.2.1 | 6.19 | 77.09 | 83.28 | NOTE | |
r-devel-linux-x86_64-debian-gcc | 0.2.1 | 5.57 | 56.10 | 61.67 | NOTE | |
r-devel-linux-x86_64-fedora-clang | 0.2.1 | 31.00 | 96.03 | 127.03 | OK | |
r-devel-linux-x86_64-fedora-gcc | 0.2.1 | 16.00 | 113.37 | 129.37 | OK | |
r-devel-windows-x86_64 | 0.2.1 | 11.00 | 90.00 | 101.00 | OK | |
r-patched-linux-x86_64 | 0.2.1 | 8.53 | 70.67 | 79.20 | OK | |
r-release-linux-x86_64 | 0.2.1 | 6.89 | 70.69 | 77.58 | OK | |
r-release-macos-arm64 | 0.2.1 | 3.00 | 35.00 | 38.00 | OK | |
r-release-macos-x86_64 | 0.2.1 | 8.00 | 74.00 | 82.00 | OK | |
r-release-windows-x86_64 | 0.2.1 | 11.00 | 90.00 | 101.00 | OK | |
r-oldrel-macos-arm64 | 0.2.1 | 3.00 | 37.00 | 40.00 | OK | |
r-oldrel-macos-x86_64 | 0.2.1 | 6.00 | 70.00 | 76.00 | OK | |
r-oldrel-windows-x86_64 | 0.2.1 | 15.00 | 108.00 | 123.00 | OK |
Version: 0.2.1
Check: HTML version of manual
Result: NOTE
Found the following HTML validation problems:
filter_log_ns_style.html:46:1 (filter_log_ns_style.Rd:10): Warning: missing </ul> before </div>
filter_log_style.html:46:1 (filter_log_style.Rd:10): Warning: missing </ul> before </div>
nullor.html:50:1 (nullor.Rd:13): Warning: missing </ul> before </div>
Flavors: r-devel-linux-x86_64-debian-clang, r-devel-linux-x86_64-debian-gcc