Last updated on 2025-11-16 09:49:30 CET.
| Flavor | Version | Tinstall | Tcheck | Ttotal | Status | Flags |
|---|---|---|---|---|---|---|
| r-devel-linux-x86_64-debian-clang | 0.3.1 | 22.18 | 186.56 | 208.74 | OK | |
| r-devel-linux-x86_64-debian-gcc | 0.3.1 | 14.71 | 134.67 | 149.38 | NOTE | |
| r-devel-linux-x86_64-fedora-clang | 0.3.1 | 52.00 | 269.68 | 321.68 | OK | |
| r-devel-linux-x86_64-fedora-gcc | 0.3.1 | 52.00 | 273.20 | 325.20 | OK | |
| r-devel-windows-x86_64 | 0.3.1 | 21.00 | 175.00 | 196.00 | OK | |
| r-patched-linux-x86_64 | 0.3.1 | 21.06 | 174.40 | 195.46 | OK | |
| r-release-linux-x86_64 | 0.3.1 | 16.61 | 175.33 | 191.94 | OK | |
| r-release-macos-arm64 | 0.3.1 | 12.00 | 112.00 | 124.00 | OK | |
| r-release-macos-x86_64 | 0.3.1 | 18.00 | 156.00 | 174.00 | OK | |
| r-release-windows-x86_64 | 0.3.1 | 23.00 | 172.00 | 195.00 | OK | |
| r-oldrel-macos-arm64 | 0.3.1 | 8.00 | 70.00 | 78.00 | OK | |
| r-oldrel-macos-x86_64 | 0.3.1 | 19.00 | 132.00 | 151.00 | OK | |
| r-oldrel-windows-x86_64 | 0.3.1 | 18.00 | 234.00 | 252.00 | OK |
Version: 0.3.1
Check: CRAN incoming feasibility
Result: NOTE
Maintainer: ‘Andrew Zammit-Mangion <andrewzm@gmail.com>’
The BugReports field in DESCRIPTION has
https://github.com/andrewzm/IDE/issues/
which should likely be
https://github.com/andrewzm/IDE/issues/issues
instead.
Flavor: r-devel-linux-x86_64-debian-gcc