Last updated on 2025-11-15 11:50:47 CET.
| Flavor | Version | Tinstall | Tcheck | Ttotal | Status | Flags |
|---|---|---|---|---|---|---|
| r-devel-linux-x86_64-debian-clang | 1.1.0 | 19.17 | 118.43 | 137.60 | OK | |
| r-devel-linux-x86_64-debian-gcc | 1.1.0 | 13.78 | 87.47 | 101.25 | OK | |
| r-devel-linux-x86_64-fedora-clang | 1.1.0 | 82.00 | 156.87 | 238.87 | OK | |
| r-devel-linux-x86_64-fedora-gcc | 1.1.0 | 49.00 | 155.07 | 204.07 | OK | |
| r-devel-windows-x86_64 | 1.1.0 | 36.00 | 191.00 | 227.00 | OK | |
| r-patched-linux-x86_64 | 1.1.0 | 20.14 | 112.23 | 132.37 | OK | |
| r-release-linux-x86_64 | 1.1.0 | 18.67 | 112.90 | 131.57 | OK | |
| r-release-macos-arm64 | 1.1.0 | 8.00 | 64.00 | 72.00 | OK | |
| r-release-macos-x86_64 | 1.1.0 | 16.00 | 117.00 | 133.00 | OK | |
| r-release-windows-x86_64 | 1.1.0 | 26.00 | 191.00 | 217.00 | OK | |
| r-oldrel-macos-arm64 | 1.1.0 | 10.00 | 73.00 | 83.00 | NOTE | |
| r-oldrel-macos-x86_64 | 1.1.0 | 13.00 | 105.00 | 118.00 | NOTE | |
| r-oldrel-windows-x86_64 | 1.1.0 | 32.00 | 224.00 | 256.00 | OK |
Version: 1.1.0
Check: installed package size
Result: NOTE
installed size is 5.2Mb
sub-directories of 1Mb or more:
data 2.1Mb
doc 1.7Mb
libs 1.0Mb
Flavors: r-oldrel-macos-arm64, r-oldrel-macos-x86_64