Last updated on 2025-11-16 09:49:29 CET.
| Flavor | Version | Tinstall | Tcheck | Ttotal | Status | Flags |
|---|---|---|---|---|---|---|
| r-devel-linux-x86_64-debian-clang | 1.2.4 | 3.64 | 113.47 | 117.11 | OK | |
| r-devel-linux-x86_64-debian-gcc | 1.2.4 | 2.47 | 88.50 | 90.97 | OK | |
| r-devel-linux-x86_64-fedora-clang | 1.2.4 | 13.00 | 178.83 | 191.83 | NOTE | |
| r-devel-linux-x86_64-fedora-gcc | 1.2.4 | 15.00 | 195.31 | 210.31 | NOTE | |
| r-devel-windows-x86_64 | 1.2.4 | 7.00 | 148.00 | 155.00 | OK | |
| r-patched-linux-x86_64 | 1.2.4 | 3.94 | 109.71 | 113.65 | OK | |
| r-release-linux-x86_64 | 1.2.4 | 3.24 | 109.56 | 112.80 | OK | |
| r-release-macos-arm64 | 1.2.4 | 2.00 | 64.00 | 66.00 | OK | |
| r-release-macos-x86_64 | 1.2.4 | 4.00 | 142.00 | 146.00 | OK | |
| r-release-windows-x86_64 | 1.2.4 | 5.00 | 141.00 | 146.00 | OK | |
| r-oldrel-macos-arm64 | 1.2.4 | 2.00 | 59.00 | 61.00 | OK | |
| r-oldrel-macos-x86_64 | 1.2.4 | 2.00 | 88.00 | 90.00 | OK | |
| r-oldrel-windows-x86_64 | 1.2.4 | 8.00 | 178.00 | 186.00 | OK |
Version: 1.2.4
Check: dependencies in R code
Result: NOTE
Namespaces in Imports field not imported from:
‘recipes’ ‘tune’
All declared Imports should be used.
Flavors: r-devel-linux-x86_64-fedora-clang, r-devel-linux-x86_64-fedora-gcc