Last updated on 2025-10-22 09:50:36 CEST.
Flavor | Version | Tinstall | Tcheck | Ttotal | Status | Flags |
---|---|---|---|---|---|---|
r-devel-linux-x86_64-debian-clang | 1.4 | 11.27 | 101.36 | 112.63 | NOTE | |
r-devel-linux-x86_64-debian-gcc | 1.4 | 7.74 | 72.60 | 80.34 | NOTE | |
r-devel-linux-x86_64-fedora-clang | 1.4 | 31.00 | 139.46 | 170.46 | OK | |
r-devel-linux-x86_64-fedora-gcc | 1.4 | 22.00 | 147.71 | 169.71 | OK | |
r-devel-windows-x86_64 | 1.4 | 12.00 | 115.00 | 127.00 | OK | |
r-patched-linux-x86_64 | 1.4 | 10.85 | 96.02 | 106.87 | OK | |
r-release-linux-x86_64 | 1.4 | 8.52 | 95.37 | 103.89 | OK | |
r-release-macos-arm64 | 1.4 | 4.00 | 51.00 | 55.00 | OK | |
r-release-macos-x86_64 | 1.4 | 9.00 | 79.00 | 88.00 | OK | |
r-release-windows-x86_64 | 1.4 | 14.00 | 120.00 | 134.00 | OK | |
r-oldrel-macos-arm64 | 1.4 | 5.00 | 47.00 | 52.00 | OK | |
r-oldrel-macos-x86_64 | 1.4 | 11.00 | 72.00 | 83.00 | OK | |
r-oldrel-windows-x86_64 | 1.4 | 17.00 | 146.00 | 163.00 | OK |
Version: 1.4
Check: CRAN incoming feasibility
Result: NOTE
Maintainer: ‘Berkley Shands <rpackages@biorankings.com>’
No Authors@R field in DESCRIPTION.
Please add one, modifying
Authors@R: c(person(given = c("Patricio", "S."),
family = "La Rosa",
role = "aut"),
person(given = "Elena",
family = "Deych",
role = "aut"),
person(given = "Berkley",
family = "Shands",
role = c("aut", "cre"),
email = "rpackages@biorankings.com"),
person(given = c("William", "D."),
family = "Shannon",
role = "aut"))
as necessary.
Flavors: r-devel-linux-x86_64-debian-clang, r-devel-linux-x86_64-debian-gcc