Last updated on 2025-10-24 09:50:05 CEST.
| Flavor | Version | Tinstall | Tcheck | Ttotal | Status | Flags |
|---|---|---|---|---|---|---|
| r-devel-linux-x86_64-debian-clang | 0.0.1 | 42.95 | 31.06 | 74.01 | OK | |
| r-devel-linux-x86_64-debian-gcc | 0.0.1 | 35.75 | 28.64 | 64.39 | OK | |
| r-devel-linux-x86_64-fedora-clang | 0.0.1 | 78.00 | 48.23 | 126.23 | OK | |
| r-devel-linux-x86_64-fedora-gcc | 0.0.1 | 71.00 | 64.04 | 135.04 | OK | |
| r-devel-windows-x86_64 | 0.0.1 | 52.00 | 70.00 | 122.00 | OK | |
| r-patched-linux-x86_64 | 0.0.1 | 50.35 | 33.52 | 83.87 | OK | |
| r-release-linux-x86_64 | 0.0.1 | 49.11 | 33.63 | 82.74 | OK | |
| r-release-macos-arm64 | 0.0.1 | 24.00 | 23.00 | 47.00 | OK | |
| r-release-macos-x86_64 | 0.0.1 | 23.00 | 29.00 | 52.00 | OK | |
| r-release-windows-x86_64 | 0.0.1 | 53.00 | 71.00 | 124.00 | OK | |
| r-oldrel-macos-arm64 | 0.0.1 | 21.00 | 20.00 | 41.00 | NOTE | |
| r-oldrel-macos-x86_64 | 0.0.1 | 19.00 | 25.00 | 44.00 | NOTE | |
| r-oldrel-windows-x86_64 | 0.0.1 | 61.00 | 86.00 | 147.00 | OK |
Version: 0.0.1
Check: installed package size
Result: NOTE
installed size is 17.0Mb
sub-directories of 1Mb or more:
libs 16.9Mb
Flavors: r-oldrel-macos-arm64, r-oldrel-macos-x86_64