Last updated on 2025-10-22 09:50:34 CEST.
Flavor | Version | Tinstall | Tcheck | Ttotal | Status | Flags |
---|---|---|---|---|---|---|
r-devel-linux-x86_64-debian-clang | 1.0-7 | 13.36 | 247.28 | 260.64 | NOTE | |
r-devel-linux-x86_64-debian-gcc | 1.0-7 | 9.54 | 170.33 | 179.87 | NOTE | |
r-devel-linux-x86_64-fedora-clang | 1.0-7 | 27.00 | 339.82 | 366.82 | OK | |
r-devel-linux-x86_64-fedora-gcc | 1.0-7 | 25.00 | 343.84 | 368.84 | OK | |
r-devel-windows-x86_64 | 1.0-7 | 15.00 | 322.00 | 337.00 | OK | |
r-patched-linux-x86_64 | 1.0-7 | 14.49 | 235.09 | 249.58 | OK | |
r-release-linux-x86_64 | 1.0-7 | 12.51 | 234.14 | 246.65 | OK | |
r-release-macos-arm64 | 1.0-7 | 5.00 | 142.00 | 147.00 | OK | |
r-release-macos-x86_64 | 1.0-7 | 15.00 | 253.00 | 268.00 | OK | |
r-release-windows-x86_64 | 1.0-7 | 15.00 | 333.00 | 348.00 | OK | |
r-oldrel-macos-arm64 | 1.0-7 | 5.00 | 139.00 | 144.00 | OK | |
r-oldrel-macos-x86_64 | 1.0-7 | 11.00 | 264.00 | 275.00 | OK | |
r-oldrel-windows-x86_64 | 1.0-7 | 20.00 | 380.00 | 400.00 | OK |
Version: 1.0-7
Check: HTML version of manual
Result: NOTE
Found the following HTML validation problems:
is.curve_set.html:46:1 (is.curve_set.Rd:10): Warning: missing </ul> before </div>
plot.combined_fboxplot.html:88:1 (plot.combined_fboxplot.Rd:39): Warning: missing </ul> before </div>
print.GET_contingency.html:51:1 (print.GET_contingency.Rd:12): Warning: missing </ul> before </div>
print.combined_fboxplot.html:51:1 (print.combined_fboxplot.Rd:12): Warning: missing </ul> before </div>
print.combined_global_envelope.html:51:1 (print.combined_global_envelope.Rd:12): Warning: missing </ul> before </div>
print.curve_set.html:51:1 (print.curve_set.Rd:12): Warning: missing </ul> before </div>
print.deviation_test.html:51:1 (print.deviation_test.Rd:12): Warning: missing </ul> before </div>
print.fboxplot.html:51:1 (print.fboxplot.Rd:12): Warning: missing </ul> before </div>
print.fclust.html:51:1 (print.fclust.Rd:12): Warning: missing </ul> before </div>
print.fdr_envelope.html:51:1 (print.fdr_envelope.Rd:12): Warning: missing </ul> before </div>
print.global_envelope.html:51:1 (print.global_envelope.Rd:12): Warning: missing </ul> before </div>
rMatClustlpp.html:67:1 (rMatClustlpp.Rd:19): Warning: missing </ul> before </div>
Flavors: r-devel-linux-x86_64-debian-clang, r-devel-linux-x86_64-debian-gcc