Last updated on 2025-10-22 09:50:33 CEST.
Flavor | Version | Tinstall | Tcheck | Ttotal | Status | Flags |
---|---|---|---|---|---|---|
r-devel-linux-x86_64-debian-clang | 1.3.4 | 14.14 | 179.00 | 193.14 | OK | |
r-devel-linux-x86_64-debian-gcc | 1.3.4 | 8.86 | 120.40 | 129.26 | OK | |
r-devel-linux-x86_64-fedora-clang | 1.3.4 | 57.00 | 255.28 | 312.28 | OK | |
r-devel-linux-x86_64-fedora-gcc | 1.3.4 | 59.00 | 261.02 | 320.02 | OK | |
r-devel-windows-x86_64 | 1.3.4 | 16.00 | 199.00 | 215.00 | OK | |
r-patched-linux-x86_64 | 1.3.4 | 15.05 | 164.59 | 179.64 | OK | |
r-release-linux-x86_64 | 1.3.4 | 12.03 | 164.10 | 176.13 | OK | |
r-release-macos-arm64 | 1.3.4 | 6.00 | 120.00 | 126.00 | OK | |
r-release-macos-x86_64 | 1.3.4 | 17.00 | 231.00 | 248.00 | OK | |
r-release-windows-x86_64 | 1.3.4 | 17.00 | 211.00 | 228.00 | OK | |
r-oldrel-macos-arm64 | 1.3.4 | 5.00 | 70.00 | 75.00 | NOTE | |
r-oldrel-macos-x86_64 | 1.3.4 | 17.00 | 191.00 | 208.00 | NOTE | |
r-oldrel-windows-x86_64 | 1.3.4 | 21.00 | 255.00 | 276.00 | NOTE |
Version: 1.3.4
Check: installed package size
Result: NOTE
installed size is 6.9Mb
sub-directories of 1Mb or more:
data 2.4Mb
doc 3.9Mb
Flavors: r-oldrel-macos-arm64, r-oldrel-macos-x86_64, r-oldrel-windows-x86_64