Last updated on 2025-11-22 09:49:52 CET.
| Flavor | Version | Tinstall | Tcheck | Ttotal | Status | Flags |
|---|---|---|---|---|---|---|
| r-devel-linux-x86_64-debian-clang | 0.1.0 | 3.62 | 56.66 | 60.28 | NOTE | |
| r-devel-linux-x86_64-debian-gcc | 0.1.0 | 2.84 | 38.29 | 41.13 | NOTE | |
| r-devel-linux-x86_64-fedora-clang | 0.1.0 | 12.00 | 89.57 | 101.57 | NOTE | |
| r-devel-windows-x86_64 | 0.1.0 | 5.00 | 66.00 | 71.00 | NOTE | |
| r-patched-linux-x86_64 | 0.1.0 | 4.03 | 54.82 | 58.85 | NOTE | |
| r-release-linux-x86_64 | 0.1.0 | 3.38 | 52.29 | 55.67 | NOTE | |
| r-release-macos-arm64 | 0.1.0 | NOTE | ||||
| r-release-macos-x86_64 | 0.1.0 | 4.00 | 45.00 | 49.00 | NOTE | |
| r-release-windows-x86_64 | 0.1.0 | 4.00 | 65.00 | 69.00 | NOTE | |
| r-oldrel-macos-arm64 | 0.1.0 | NOTE | ||||
| r-oldrel-macos-x86_64 | 0.1.0 | 3.00 | 38.00 | 41.00 | NOTE | |
| r-oldrel-windows-x86_64 | 0.1.0 | 7.00 | 80.00 | 87.00 | NOTE |
Version: 0.1.0
Check: Rd files
Result: NOTE
checkRd: (-1) EEzGP_fit.Rd:50: Lost braces in \itemize; \value handles \item{}{} directly
checkRd: (-1) EEzGP_fit.Rd:51: Lost braces in \itemize; \value handles \item{}{} directly
checkRd: (-1) EEzGP_predict.Rd:19: Lost braces in \itemize; \value handles \item{}{} directly
checkRd: (-1) EEzGP_predict.Rd:20: Lost braces in \itemize; \value handles \item{}{} directly
checkRd: (-1) EzGP_fit.Rd:50: Lost braces in \itemize; \value handles \item{}{} directly
checkRd: (-1) EzGP_fit.Rd:51: Lost braces in \itemize; \value handles \item{}{} directly
checkRd: (-1) EzGP_predict.Rd:19: Lost braces in \itemize; \value handles \item{}{} directly
checkRd: (-1) EzGP_predict.Rd:20: Lost braces in \itemize; \value handles \item{}{} directly
checkRd: (-1) LEzGP_fit.Rd:59: Lost braces in \itemize; \value handles \item{}{} directly
checkRd: (-1) LEzGP_fit.Rd:60: Lost braces in \itemize; \value handles \item{}{} directly
checkRd: (-1) LLF_gradients.Rd:29: Lost braces in \itemize; \value handles \item{}{} directly
checkRd: (-1) LLF_gradients.Rd:30: Lost braces in \itemize; \value handles \item{}{} directly
Flavors: r-devel-linux-x86_64-debian-clang, r-devel-linux-x86_64-debian-gcc, r-devel-linux-x86_64-fedora-clang, r-devel-windows-x86_64, r-patched-linux-x86_64, r-release-linux-x86_64, r-release-macos-arm64, r-release-macos-x86_64, r-release-windows-x86_64, r-oldrel-macos-arm64, r-oldrel-macos-x86_64, r-oldrel-windows-x86_64