Last updated on 2025-10-31 09:50:16 CET.
| Flavor | Version | Tinstall | Tcheck | Ttotal | Status | Flags | 
|---|---|---|---|---|---|---|
| r-devel-linux-x86_64-debian-clang | 1.0.1 | 56.64 | 39.56 | 96.20 | WARN | |
| r-devel-linux-x86_64-debian-gcc | 1.0.1 | 33.38 | 30.26 | 63.64 | WARN | |
| r-devel-linux-x86_64-fedora-clang | 1.0.1 | 313.00 | -109.16 | 203.84 | WARN | |
| r-devel-linux-x86_64-fedora-gcc | 1.0.1 | 145.00 | 17.30 | 162.30 | WARN | |
| r-devel-windows-x86_64 | 1.0.1 | 66.00 | 82.00 | 148.00 | WARN | |
| r-patched-linux-x86_64 | 1.0.1 | 55.36 | 37.59 | 92.95 | WARN | |
| r-release-linux-x86_64 | 1.0.1 | 52.69 | 37.82 | 90.51 | WARN | |
| r-release-macos-arm64 | 1.0.1 | 23.00 | 28.00 | 51.00 | OK | |
| r-release-macos-x86_64 | 1.0.1 | 19.00 | 43.00 | 62.00 | OK | |
| r-release-windows-x86_64 | 1.0.1 | 68.00 | 82.00 | 150.00 | WARN | |
| r-oldrel-macos-arm64 | 1.0.1 | 23.00 | 21.00 | 44.00 | OK | |
| r-oldrel-macos-x86_64 | 1.0.1 | 20.00 | 32.00 | 52.00 | OK | |
| r-oldrel-windows-x86_64 | 1.0.1 | 78.00 | 99.00 | 177.00 | WARN | 
Version: 1.0.1
Check: CRAN incoming feasibility
Result: NOTE
  Maintainer: ‘Xuan You <youxuan90@gmail.com>’
  
  No Authors@R field in DESCRIPTION.
  Please add one, modifying
    Authors@R: c(person(given = "Xuan",
                        family = "You",
                        role = c("aut", "cre"),
                        email = "youxuan90@gmail.com"),
                 person(given = "Yichen",
                        family = "Cheng",
                        role = "aut",
                        email = "ycheng11@gsu.edu"))
  as necessary.
Flavors: r-devel-linux-x86_64-debian-clang, r-devel-linux-x86_64-debian-gcc
Version: 1.0.1
Check: whether package can be installed
Result: WARN
  Found the following significant warnings:
    calcll_1d_baf.cpp:51:28: warning: 'min' is deprecated: use .index_min() with ind2sub() instead [-Wdeprecated-declarations]
    calcll_1d_baf.cpp:56:22: warning: 'min' is deprecated: use .index_min() with ind2sub() instead [-Wdeprecated-declarations]
    calcll_baf.cpp:55:28: warning: 'min' is deprecated: use .index_min() with ind2sub() instead [-Wdeprecated-declarations]
    calcll_baf.cpp:61:22: warning: 'min' is deprecated: use .index_min() with ind2sub() instead [-Wdeprecated-declarations]
    calcll_cpp.cpp:54:28: warning: 'min' is deprecated: use .index_min() with ind2sub() instead [-Wdeprecated-declarations]
    calcll_cpp.cpp:61:22: warning: 'min' is deprecated: use .index_min() with ind2sub() instead [-Wdeprecated-declarations]
    calcll_p1_cpp.cpp:57:28: warning: 'min' is deprecated: use .index_min() with ind2sub() instead [-Wdeprecated-declarations]
    calcll_p1_cpp.cpp:66:22: warning: 'min' is deprecated: use .index_min() with ind2sub() instead [-Wdeprecated-declarations]
    calcll_p3.cpp:62:32: warning: 'min' is deprecated: use .index_min() with ind2sub() instead [-Wdeprecated-declarations]
    calcll_p3.cpp:64:26: warning: 'min' is deprecated: use .index_min() with ind2sub() instead [-Wdeprecated-declarations]
  See ‘/home/hornik/tmp/R.check/r-devel-clang/Work/PKGS/EstMix.Rcheck/00install.out’ for details.
  * used C++ compiler: ‘Debian clang version 19.1.7 (7)’
Flavor: r-devel-linux-x86_64-debian-clang
Version: 1.0.1
Check: whether package can be installed
Result: WARN
  Found the following significant warnings:
    calcll_1d_baf.cpp:51:31: warning: ‘eT arma::Mat<eT>::min(arma::uword&, arma::uword&) const [with eT = double; arma::uword = unsigned int]’ is deprecated: use .index_min() with ind2sub() instead [-Wdeprecated-declarations]
    calcll_1d_baf.cpp:56:25: warning: ‘eT arma::Mat<eT>::min(arma::uword&, arma::uword&) const [with eT = double; arma::uword = unsigned int]’ is deprecated: use .index_min() with ind2sub() instead [-Wdeprecated-declarations]
    calcll_baf.cpp:55:31: warning: ‘eT arma::Mat<eT>::min(arma::uword&, arma::uword&) const [with eT = double; arma::uword = unsigned int]’ is deprecated: use .index_min() with ind2sub() instead [-Wdeprecated-declarations]
    calcll_baf.cpp:61:25: warning: ‘eT arma::Mat<eT>::min(arma::uword&, arma::uword&) const [with eT = double; arma::uword = unsigned int]’ is deprecated: use .index_min() with ind2sub() instead [-Wdeprecated-declarations]
    calcll_cpp.cpp:54:31: warning: ‘eT arma::Mat<eT>::min(arma::uword&, arma::uword&) const [with eT = double; arma::uword = unsigned int]’ is deprecated: use .index_min() with ind2sub() instead [-Wdeprecated-declarations]
    calcll_cpp.cpp:61:25: warning: ‘eT arma::Mat<eT>::min(arma::uword&, arma::uword&) const [with eT = double; arma::uword = unsigned int]’ is deprecated: use .index_min() with ind2sub() instead [-Wdeprecated-declarations]
    calcll_p1_cpp.cpp:57:31: warning: ‘eT arma::Mat<eT>::min(arma::uword&, arma::uword&) const [with eT = double; arma::uword = unsigned int]’ is deprecated: use .index_min() with ind2sub() instead [-Wdeprecated-declarations]
    calcll_p1_cpp.cpp:66:25: warning: ‘eT arma::Mat<eT>::min(arma::uword&, arma::uword&) const [with eT = double; arma::uword = unsigned int]’ is deprecated: use .index_min() with ind2sub() instead [-Wdeprecated-declarations]
    calcll_p3.cpp:62:35: warning: ‘eT arma::Cube<eT>::min(arma::uword&, arma::uword&, arma::uword&) const [with eT = double; arma::uword = unsigned int]’ is deprecated: use .index_min() with ind2sub() instead [-Wdeprecated-declarations]
    calcll_p3.cpp:64:29: warning: ‘eT arma::Cube<eT>::min(arma::uword&, arma::uword&, arma::uword&) const [with eT = double; arma::uword = unsigned int]’ is deprecated: use .index_min() with ind2sub() instead [-Wdeprecated-declarations]
  See ‘/home/hornik/tmp/R.check/r-devel-gcc/Work/PKGS/EstMix.Rcheck/00install.out’ for details.
  * used C++ compiler: ‘g++-15 (Debian 15.2.0-4) 15.2.0’
Flavor: r-devel-linux-x86_64-debian-gcc
Version: 1.0.1
Check: whether package can be installed
Result: WARN
  Found the following significant warnings:
    calcll_1d_baf.cpp:51:28: warning: 'min' is deprecated: use .index_min() with ind2sub() instead [-Wdeprecated-declarations]
    calcll_1d_baf.cpp:56:22: warning: 'min' is deprecated: use .index_min() with ind2sub() instead [-Wdeprecated-declarations]
    calcll_baf.cpp:55:28: warning: 'min' is deprecated: use .index_min() with ind2sub() instead [-Wdeprecated-declarations]
    calcll_baf.cpp:61:22: warning: 'min' is deprecated: use .index_min() with ind2sub() instead [-Wdeprecated-declarations]
    calcll_cpp.cpp:54:28: warning: 'min' is deprecated: use .index_min() with ind2sub() instead [-Wdeprecated-declarations]
    calcll_cpp.cpp:61:22: warning: 'min' is deprecated: use .index_min() with ind2sub() instead [-Wdeprecated-declarations]
    calcll_p1_cpp.cpp:57:28: warning: 'min' is deprecated: use .index_min() with ind2sub() instead [-Wdeprecated-declarations]
    calcll_p1_cpp.cpp:66:22: warning: 'min' is deprecated: use .index_min() with ind2sub() instead [-Wdeprecated-declarations]
    calcll_p3.cpp:62:32: warning: 'min' is deprecated: use .index_min() with ind2sub() instead [-Wdeprecated-declarations]
    calcll_p3.cpp:64:26: warning: 'min' is deprecated: use .index_min() with ind2sub() instead [-Wdeprecated-declarations]
  See ‘/data/gannet/ripley/R/packages/tests-clang/EstMix.Rcheck/00install.out’ for details.
  * used C++ compiler: ‘clang version 21.1.4’
Flavor: r-devel-linux-x86_64-fedora-clang
Version: 1.0.1
Check: whether package can be installed
Result: WARN
  Found the following significant warnings:
    calcll_1d_baf.cpp:51:31: warning: ‘eT arma::Mat<eT>::min(arma::uword&, arma::uword&) const [with eT = double; arma::uword = unsigned int]’ is deprecated: use .index_min() with ind2sub() instead [-Wdeprecated-declarations]
    calcll_1d_baf.cpp:56:25: warning: ‘eT arma::Mat<eT>::min(arma::uword&, arma::uword&) const [with eT = double; arma::uword = unsigned int]’ is deprecated: use .index_min() with ind2sub() instead [-Wdeprecated-declarations]
    calcll_baf.cpp:55:31: warning: ‘eT arma::Mat<eT>::min(arma::uword&, arma::uword&) const [with eT = double; arma::uword = unsigned int]’ is deprecated: use .index_min() with ind2sub() instead [-Wdeprecated-declarations]
    calcll_baf.cpp:61:25: warning: ‘eT arma::Mat<eT>::min(arma::uword&, arma::uword&) const [with eT = double; arma::uword = unsigned int]’ is deprecated: use .index_min() with ind2sub() instead [-Wdeprecated-declarations]
    calcll_cpp.cpp:54:31: warning: ‘eT arma::Mat<eT>::min(arma::uword&, arma::uword&) const [with eT = double; arma::uword = unsigned int]’ is deprecated: use .index_min() with ind2sub() instead [-Wdeprecated-declarations]
    calcll_cpp.cpp:61:25: warning: ‘eT arma::Mat<eT>::min(arma::uword&, arma::uword&) const [with eT = double; arma::uword = unsigned int]’ is deprecated: use .index_min() with ind2sub() instead [-Wdeprecated-declarations]
    calcll_p1_cpp.cpp:57:31: warning: ‘eT arma::Mat<eT>::min(arma::uword&, arma::uword&) const [with eT = double; arma::uword = unsigned int]’ is deprecated: use .index_min() with ind2sub() instead [-Wdeprecated-declarations]
    calcll_p1_cpp.cpp:66:25: warning: ‘eT arma::Mat<eT>::min(arma::uword&, arma::uword&) const [with eT = double; arma::uword = unsigned int]’ is deprecated: use .index_min() with ind2sub() instead [-Wdeprecated-declarations]
    calcll_p3.cpp:62:35: warning: ‘eT arma::Cube<eT>::min(arma::uword&, arma::uword&, arma::uword&) const [with eT = double; arma::uword = unsigned int]’ is deprecated: use .index_min() with ind2sub() instead [-Wdeprecated-declarations]
    calcll_p3.cpp:64:29: warning: ‘eT arma::Cube<eT>::min(arma::uword&, arma::uword&, arma::uword&) const [with eT = double; arma::uword = unsigned int]’ is deprecated: use .index_min() with ind2sub() instead [-Wdeprecated-declarations]
  See ‘/data/gannet/ripley/R/packages/tests-devel/EstMix.Rcheck/00install.out’ for details.
  * used C++ compiler: ‘g++ (GCC) 15.1.1 20250521 (Red Hat 15.1.1-2)’
Flavor: r-devel-linux-x86_64-fedora-gcc
Version: 1.0.1
Check: whether package can be installed
Result: WARN
  Found the following significant warnings:
    calcll_1d_baf.cpp:51:31: warning: 'eT arma::Mat<eT>::min(arma::uword&, arma::uword&) const [with eT = double; arma::uword = unsigned int]' is deprecated: use .index_min() with ind2sub() instead [-Wdeprecated-declarations]
    calcll_1d_baf.cpp:56:25: warning: 'eT arma::Mat<eT>::min(arma::uword&, arma::uword&) const [with eT = double; arma::uword = unsigned int]' is deprecated: use .index_min() with ind2sub() instead [-Wdeprecated-declarations]
    calcll_baf.cpp:55:31: warning: 'eT arma::Mat<eT>::min(arma::uword&, arma::uword&) const [with eT = double; arma::uword = unsigned int]' is deprecated: use .index_min() with ind2sub() instead [-Wdeprecated-declarations]
    calcll_baf.cpp:61:25: warning: 'eT arma::Mat<eT>::min(arma::uword&, arma::uword&) const [with eT = double; arma::uword = unsigned int]' is deprecated: use .index_min() with ind2sub() instead [-Wdeprecated-declarations]
    calcll_cpp.cpp:54:31: warning: 'eT arma::Mat<eT>::min(arma::uword&, arma::uword&) const [with eT = double; arma::uword = unsigned int]' is deprecated: use .index_min() with ind2sub() instead [-Wdeprecated-declarations]
    calcll_cpp.cpp:61:25: warning: 'eT arma::Mat<eT>::min(arma::uword&, arma::uword&) const [with eT = double; arma::uword = unsigned int]' is deprecated: use .index_min() with ind2sub() instead [-Wdeprecated-declarations]
    calcll_p1_cpp.cpp:57:31: warning: 'eT arma::Mat<eT>::min(arma::uword&, arma::uword&) const [with eT = double; arma::uword = unsigned int]' is deprecated: use .index_min() with ind2sub() instead [-Wdeprecated-declarations]
    calcll_p1_cpp.cpp:66:25: warning: 'eT arma::Mat<eT>::min(arma::uword&, arma::uword&) const [with eT = double; arma::uword = unsigned int]' is deprecated: use .index_min() with ind2sub() instead [-Wdeprecated-declarations]
    calcll_p3.cpp:62:35: warning: 'eT arma::Cube<eT>::min(arma::uword&, arma::uword&, arma::uword&) const [with eT = double; arma::uword = unsigned int]' is deprecated: use .index_min() with ind2sub() instead [-Wdeprecated-declarations]
    calcll_p3.cpp:64:29: warning: 'eT arma::Cube<eT>::min(arma::uword&, arma::uword&, arma::uword&) const [with eT = double; arma::uword = unsigned int]' is deprecated: use .index_min() with ind2sub() instead [-Wdeprecated-declarations]
  See 'd:/Rcompile/CRANpkg/local/4.6/EstMix.Rcheck/00install.out' for details.
  * used C++ compiler: 'g++.exe (GCC) 14.2.0'
Flavor: r-devel-windows-x86_64
Version: 1.0.1
Check: whether package can be installed
Result: WARN
  Found the following significant warnings:
    calcll_1d_baf.cpp:51:31: warning: ‘eT arma::Mat<eT>::min(arma::uword&, arma::uword&) const [with eT = double; arma::uword = unsigned int]’ is deprecated: use .index_min() with ind2sub() instead [-Wdeprecated-declarations]
    calcll_1d_baf.cpp:56:25: warning: ‘eT arma::Mat<eT>::min(arma::uword&, arma::uword&) const [with eT = double; arma::uword = unsigned int]’ is deprecated: use .index_min() with ind2sub() instead [-Wdeprecated-declarations]
    calcll_baf.cpp:55:31: warning: ‘eT arma::Mat<eT>::min(arma::uword&, arma::uword&) const [with eT = double; arma::uword = unsigned int]’ is deprecated: use .index_min() with ind2sub() instead [-Wdeprecated-declarations]
    calcll_baf.cpp:61:25: warning: ‘eT arma::Mat<eT>::min(arma::uword&, arma::uword&) const [with eT = double; arma::uword = unsigned int]’ is deprecated: use .index_min() with ind2sub() instead [-Wdeprecated-declarations]
    calcll_cpp.cpp:54:31: warning: ‘eT arma::Mat<eT>::min(arma::uword&, arma::uword&) const [with eT = double; arma::uword = unsigned int]’ is deprecated: use .index_min() with ind2sub() instead [-Wdeprecated-declarations]
    calcll_cpp.cpp:61:25: warning: ‘eT arma::Mat<eT>::min(arma::uword&, arma::uword&) const [with eT = double; arma::uword = unsigned int]’ is deprecated: use .index_min() with ind2sub() instead [-Wdeprecated-declarations]
    calcll_p1_cpp.cpp:57:31: warning: ‘eT arma::Mat<eT>::min(arma::uword&, arma::uword&) const [with eT = double; arma::uword = unsigned int]’ is deprecated: use .index_min() with ind2sub() instead [-Wdeprecated-declarations]
    calcll_p1_cpp.cpp:66:25: warning: ‘eT arma::Mat<eT>::min(arma::uword&, arma::uword&) const [with eT = double; arma::uword = unsigned int]’ is deprecated: use .index_min() with ind2sub() instead [-Wdeprecated-declarations]
    calcll_p3.cpp:62:35: warning: ‘eT arma::Cube<eT>::min(arma::uword&, arma::uword&, arma::uword&) const [with eT = double; arma::uword = unsigned int]’ is deprecated: use .index_min() with ind2sub() instead [-Wdeprecated-declarations]
    calcll_p3.cpp:64:29: warning: ‘eT arma::Cube<eT>::min(arma::uword&, arma::uword&, arma::uword&) const [with eT = double; arma::uword = unsigned int]’ is deprecated: use .index_min() with ind2sub() instead [-Wdeprecated-declarations]
  See ‘/home/hornik/tmp/R.check/r-patched-gcc/Work/PKGS/EstMix.Rcheck/00install.out’ for details.
  * used C++ compiler: ‘g++-14 (Debian 14.3.0-8) 14.3.0’
Flavor: r-patched-linux-x86_64
Version: 1.0.1
Check: whether package can be installed
Result: WARN
  Found the following significant warnings:
    calcll_1d_baf.cpp:51:31: warning: ‘eT arma::Mat<eT>::min(arma::uword&, arma::uword&) const [with eT = double; arma::uword = unsigned int]’ is deprecated: use .index_min() with ind2sub() instead [-Wdeprecated-declarations]
    calcll_1d_baf.cpp:56:25: warning: ‘eT arma::Mat<eT>::min(arma::uword&, arma::uword&) const [with eT = double; arma::uword = unsigned int]’ is deprecated: use .index_min() with ind2sub() instead [-Wdeprecated-declarations]
    calcll_baf.cpp:55:31: warning: ‘eT arma::Mat<eT>::min(arma::uword&, arma::uword&) const [with eT = double; arma::uword = unsigned int]’ is deprecated: use .index_min() with ind2sub() instead [-Wdeprecated-declarations]
    calcll_baf.cpp:61:25: warning: ‘eT arma::Mat<eT>::min(arma::uword&, arma::uword&) const [with eT = double; arma::uword = unsigned int]’ is deprecated: use .index_min() with ind2sub() instead [-Wdeprecated-declarations]
    calcll_cpp.cpp:54:31: warning: ‘eT arma::Mat<eT>::min(arma::uword&, arma::uword&) const [with eT = double; arma::uword = unsigned int]’ is deprecated: use .index_min() with ind2sub() instead [-Wdeprecated-declarations]
    calcll_cpp.cpp:61:25: warning: ‘eT arma::Mat<eT>::min(arma::uword&, arma::uword&) const [with eT = double; arma::uword = unsigned int]’ is deprecated: use .index_min() with ind2sub() instead [-Wdeprecated-declarations]
    calcll_p1_cpp.cpp:57:31: warning: ‘eT arma::Mat<eT>::min(arma::uword&, arma::uword&) const [with eT = double; arma::uword = unsigned int]’ is deprecated: use .index_min() with ind2sub() instead [-Wdeprecated-declarations]
    calcll_p1_cpp.cpp:66:25: warning: ‘eT arma::Mat<eT>::min(arma::uword&, arma::uword&) const [with eT = double; arma::uword = unsigned int]’ is deprecated: use .index_min() with ind2sub() instead [-Wdeprecated-declarations]
    calcll_p3.cpp:62:35: warning: ‘eT arma::Cube<eT>::min(arma::uword&, arma::uword&, arma::uword&) const [with eT = double; arma::uword = unsigned int]’ is deprecated: use .index_min() with ind2sub() instead [-Wdeprecated-declarations]
    calcll_p3.cpp:64:29: warning: ‘eT arma::Cube<eT>::min(arma::uword&, arma::uword&, arma::uword&) const [with eT = double; arma::uword = unsigned int]’ is deprecated: use .index_min() with ind2sub() instead [-Wdeprecated-declarations]
  See ‘/home/hornik/tmp/R.check/r-release-gcc/Work/PKGS/EstMix.Rcheck/00install.out’ for details.
  * used C++ compiler: ‘g++-14 (Debian 14.3.0-8) 14.3.0’
Flavor: r-release-linux-x86_64
Version: 1.0.1
Check: whether package can be installed
Result: WARN
  Found the following significant warnings:
    calcll_1d_baf.cpp:51:31: warning: 'eT arma::Mat<eT>::min(arma::uword&, arma::uword&) const [with eT = double; arma::uword = unsigned int]' is deprecated: use .index_min() with ind2sub() instead [-Wdeprecated-declarations]
    calcll_1d_baf.cpp:56:25: warning: 'eT arma::Mat<eT>::min(arma::uword&, arma::uword&) const [with eT = double; arma::uword = unsigned int]' is deprecated: use .index_min() with ind2sub() instead [-Wdeprecated-declarations]
    calcll_baf.cpp:55:31: warning: 'eT arma::Mat<eT>::min(arma::uword&, arma::uword&) const [with eT = double; arma::uword = unsigned int]' is deprecated: use .index_min() with ind2sub() instead [-Wdeprecated-declarations]
    calcll_baf.cpp:61:25: warning: 'eT arma::Mat<eT>::min(arma::uword&, arma::uword&) const [with eT = double; arma::uword = unsigned int]' is deprecated: use .index_min() with ind2sub() instead [-Wdeprecated-declarations]
    calcll_cpp.cpp:54:31: warning: 'eT arma::Mat<eT>::min(arma::uword&, arma::uword&) const [with eT = double; arma::uword = unsigned int]' is deprecated: use .index_min() with ind2sub() instead [-Wdeprecated-declarations]
    calcll_cpp.cpp:61:25: warning: 'eT arma::Mat<eT>::min(arma::uword&, arma::uword&) const [with eT = double; arma::uword = unsigned int]' is deprecated: use .index_min() with ind2sub() instead [-Wdeprecated-declarations]
    calcll_p1_cpp.cpp:57:31: warning: 'eT arma::Mat<eT>::min(arma::uword&, arma::uword&) const [with eT = double; arma::uword = unsigned int]' is deprecated: use .index_min() with ind2sub() instead [-Wdeprecated-declarations]
    calcll_p1_cpp.cpp:66:25: warning: 'eT arma::Mat<eT>::min(arma::uword&, arma::uword&) const [with eT = double; arma::uword = unsigned int]' is deprecated: use .index_min() with ind2sub() instead [-Wdeprecated-declarations]
    calcll_p3.cpp:62:35: warning: 'eT arma::Cube<eT>::min(arma::uword&, arma::uword&, arma::uword&) const [with eT = double; arma::uword = unsigned int]' is deprecated: use .index_min() with ind2sub() instead [-Wdeprecated-declarations]
    calcll_p3.cpp:64:29: warning: 'eT arma::Cube<eT>::min(arma::uword&, arma::uword&, arma::uword&) const [with eT = double; arma::uword = unsigned int]' is deprecated: use .index_min() with ind2sub() instead [-Wdeprecated-declarations]
  See 'd:/Rcompile/CRANpkg/local/4.5/EstMix.Rcheck/00install.out' for details.
  * used C++ compiler: 'g++.exe (GCC) 14.2.0'
Flavor: r-release-windows-x86_64
Version: 1.0.1
Check: whether package can be installed
Result: WARN
  Found the following significant warnings:
    calcll_1d_baf.cpp:51:31: warning: 'eT arma::Mat<eT>::min(arma::uword&, arma::uword&) const [with eT = double; arma::uword = unsigned int]' is deprecated: use .index_min() with ind2sub() instead [-Wdeprecated-declarations]
    calcll_1d_baf.cpp:56:25: warning: 'eT arma::Mat<eT>::min(arma::uword&, arma::uword&) const [with eT = double; arma::uword = unsigned int]' is deprecated: use .index_min() with ind2sub() instead [-Wdeprecated-declarations]
    calcll_baf.cpp:55:31: warning: 'eT arma::Mat<eT>::min(arma::uword&, arma::uword&) const [with eT = double; arma::uword = unsigned int]' is deprecated: use .index_min() with ind2sub() instead [-Wdeprecated-declarations]
    calcll_baf.cpp:61:25: warning: 'eT arma::Mat<eT>::min(arma::uword&, arma::uword&) const [with eT = double; arma::uword = unsigned int]' is deprecated: use .index_min() with ind2sub() instead [-Wdeprecated-declarations]
    calcll_cpp.cpp:54:31: warning: 'eT arma::Mat<eT>::min(arma::uword&, arma::uword&) const [with eT = double; arma::uword = unsigned int]' is deprecated: use .index_min() with ind2sub() instead [-Wdeprecated-declarations]
    calcll_cpp.cpp:61:25: warning: 'eT arma::Mat<eT>::min(arma::uword&, arma::uword&) const [with eT = double; arma::uword = unsigned int]' is deprecated: use .index_min() with ind2sub() instead [-Wdeprecated-declarations]
    calcll_p1_cpp.cpp:57:31: warning: 'eT arma::Mat<eT>::min(arma::uword&, arma::uword&) const [with eT = double; arma::uword = unsigned int]' is deprecated: use .index_min() with ind2sub() instead [-Wdeprecated-declarations]
    calcll_p1_cpp.cpp:66:25: warning: 'eT arma::Mat<eT>::min(arma::uword&, arma::uword&) const [with eT = double; arma::uword = unsigned int]' is deprecated: use .index_min() with ind2sub() instead [-Wdeprecated-declarations]
    calcll_p3.cpp:62:35: warning: 'eT arma::Cube<eT>::min(arma::uword&, arma::uword&, arma::uword&) const [with eT = double; arma::uword = unsigned int]' is deprecated: use .index_min() with ind2sub() instead [-Wdeprecated-declarations]
    calcll_p3.cpp:64:29: warning: 'eT arma::Cube<eT>::min(arma::uword&, arma::uword&, arma::uword&) const [with eT = double; arma::uword = unsigned int]' is deprecated: use .index_min() with ind2sub() instead [-Wdeprecated-declarations]
  See 'd:/Rcompile/CRANpkg/local/4.4/EstMix.Rcheck/00install.out' for details.
  * used C++ compiler: 'g++.exe (GCC) 13.3.0'
Flavor: r-oldrel-windows-x86_64