Last updated on 2025-11-16 09:49:26 CET.
| Flavor | Version | Tinstall | Tcheck | Ttotal | Status | Flags |
|---|---|---|---|---|---|---|
| r-devel-linux-x86_64-debian-clang | 2.5.0 | 34.35 | 588.30 | 622.65 | OK | |
| r-devel-linux-x86_64-debian-gcc | 2.5.0 | 21.55 | 394.61 | 416.16 | NOTE | |
| r-devel-linux-x86_64-fedora-clang | 2.5.0 | 332.00 | 743.91 | 1075.91 | OK | |
| r-devel-linux-x86_64-fedora-gcc | 2.5.0 | 92.00 | 882.17 | 974.17 | OK | |
| r-devel-windows-x86_64 | 2.5.0 | 45.00 | 572.00 | 617.00 | OK | |
| r-patched-linux-x86_64 | 2.5.0 | 34.96 | 558.70 | 593.66 | OK | |
| r-release-linux-x86_64 | 2.5.0 | 32.60 | 560.50 | 593.10 | OK | |
| r-release-macos-arm64 | 2.5.0 | 12.00 | 207.00 | 219.00 | OK | |
| r-release-macos-x86_64 | 2.5.0 | 23.00 | 478.00 | 501.00 | OK | |
| r-release-windows-x86_64 | 2.5.0 | 36.00 | 571.00 | 607.00 | OK | |
| r-oldrel-macos-arm64 | 2.5.0 | 13.00 | 147.00 | 160.00 | OK | |
| r-oldrel-macos-x86_64 | 2.5.0 | 21.00 | 255.00 | 276.00 | OK | |
| r-oldrel-windows-x86_64 | 2.5.0 | 50.00 | 794.00 | 844.00 | NOTE |
Version: 2.5.0
Check: CRAN incoming feasibility
Result: NOTE
Maintainer: ‘Samuel Jenness <samuel.m.jenness@emory.edu>’
The BugReports field in DESCRIPTION has
https://github.com/EpiModel/EpiModel/issues/
which should likely be
https://github.com/EpiModel/EpiModel/issues/issues
instead.
Flavor: r-devel-linux-x86_64-debian-gcc
Version: 2.5.0
Check: installed package size
Result: NOTE
installed size is 5.1Mb
sub-directories of 1Mb or more:
doc 2.8Mb
Flavor: r-oldrel-windows-x86_64