Last updated on 2025-11-15 11:50:43 CET.
| Flavor | Version | Tinstall | Tcheck | Ttotal | Status | Flags |
|---|---|---|---|---|---|---|
| r-devel-linux-x86_64-debian-clang | 0.4.7 | 4.82 | 46.14 | 50.96 | NOTE | |
| r-devel-linux-x86_64-debian-gcc | 0.4.7 | 3.38 | 31.81 | 35.19 | NOTE | |
| r-devel-linux-x86_64-fedora-clang | 0.4.7 | 22.00 | 69.94 | 91.94 | OK | |
| r-devel-linux-x86_64-fedora-gcc | 0.4.7 | 12.00 | 80.71 | 92.71 | OK | |
| r-devel-windows-x86_64 | 0.4.7 | 9.00 | 89.00 | 98.00 | NOTE | |
| r-patched-linux-x86_64 | 0.4.7 | 10.19 | 42.42 | 52.61 | OK | |
| r-release-linux-x86_64 | 0.4.7 | 4.00 | 42.53 | 46.53 | OK | |
| r-release-macos-arm64 | 0.4.7 | 3.00 | 49.00 | 52.00 | OK | |
| r-release-macos-x86_64 | 0.4.7 | 5.00 | 87.00 | 92.00 | OK | |
| r-release-windows-x86_64 | 0.4.7 | 7.00 | 87.00 | 94.00 | OK | |
| r-oldrel-macos-arm64 | 0.4.7 | 3.00 | 46.00 | 49.00 | OK | |
| r-oldrel-macos-x86_64 | 0.4.7 | 5.00 | 57.00 | 62.00 | OK | |
| r-oldrel-windows-x86_64 | 0.4.7 | 10.00 | 98.00 | 108.00 | OK |
Version: 0.4.7
Check: Rd files
Result: NOTE
checkRd: (-1) breaches.Rd:99-159: Only 4 columns allowed in this table (row 1 has 3)
checkRd: (-1) breaches.Rd:99-159: Only 4 columns allowed in this table (row 2 has 1)
checkRd: (-1) breaches.Rd:99-159: Only 4 columns allowed in this table (row 3 has 3)
checkRd: (-1) breaches.Rd:99-159: Only 4 columns allowed in this table (row 4 has 3)
checkRd: (-1) breaches.Rd:99-159: Only 4 columns allowed in this table (row 5 has 3)
checkRd: (-1) breaches.Rd:99-159: Only 4 columns allowed in this table (row 6 has 3)
checkRd: (-1) breaches.Rd:99-159: Only 4 columns allowed in this table (row 7 has 3)
checkRd: (-1) breaches.Rd:99-159: Only 4 columns allowed in this table (row 8 has 3)
checkRd: (-1) breaches.Rd:99-159: Only 4 columns allowed in this table (row 9 has 3)
checkRd: (-1) breaches.Rd:99-159: Only 4 columns allowed in this table (row 10 has 3)
checkRd: (-1) breaches.Rd:99-159: Only 4 columns allowed in this table (row 11 has 3)
checkRd: (-1) breaches.Rd:99-159: Only 4 columns allowed in this table (row 12 has 3)
checkRd: (-1) breaches.Rd:99-159: Only 4 columns allowed in this table (row 13 has 3)
checkRd: (-1) breaches.Rd:99-159: Only 4 columns allowed in this table (row 14 has 3)
checkRd: (-1) breaches.Rd:99-159: Only 4 columns allowed in this table (row 15 has 3)
checkRd: (-1) breaches.Rd:99-159: Only 4 columns allowed in this table (row 16 has 3)
checkRd: (-1) breaches.Rd:99-159: Only 4 columns allowed in this table (row 17 has 3)
checkRd: (-1) breaches.Rd:99-159: Only 4 columns allowed in this table (row 18 has 3)
checkRd: (-1) breaches.Rd:99-159: Only 4 columns allowed in this table (row 19 has 3)
checkRd: (-1) breaches.Rd:99-159: Only 4 columns allowed in this table (row 20 has 3)
checkRd: (-1) breaches.Rd:99-159: Only 4 columns allowed in this table (row 21 has 3)
checkRd: (-1) breaches.Rd:99-159: Only 4 columns allowed in this table (row 22 has 3)
checkRd: (-1) breaches.Rd:99-159: Only 4 columns allowed in this table (row 23 has 3)
checkRd: (-1) breaches.Rd:99-159: Only 4 columns allowed in this table (row 24 has 3)
checkRd: (-1) breaches.Rd:99-159: Only 4 columns allowed in this table (row 25 has 3)
checkRd: (-1) breaches.Rd:99-159: Only 4 columns allowed in this table (row 26 has 3)
Flavors: r-devel-linux-x86_64-debian-clang, r-devel-linux-x86_64-debian-gcc, r-devel-windows-x86_64