Last updated on 2025-10-22 09:50:32 CEST.
Flavor | Version | Tinstall | Tcheck | Ttotal | Status | Flags |
---|---|---|---|---|---|---|
r-devel-linux-x86_64-debian-clang | 2.1.3 | 9.84 | 113.76 | 123.60 | NOTE | |
r-devel-linux-x86_64-debian-gcc | 2.1.3 | 5.79 | 69.46 | 75.25 | NOTE | |
r-devel-linux-x86_64-fedora-clang | 2.1.3 | 20.00 | 174.40 | 194.40 | OK | |
r-devel-linux-x86_64-fedora-gcc | 2.1.3 | 19.00 | 179.97 | 198.97 | OK | |
r-devel-windows-x86_64 | 2.1.3 | 11.00 | 107.00 | 118.00 | OK | |
r-patched-linux-x86_64 | 2.1.3 | 9.76 | 108.15 | 117.91 | OK | |
r-release-linux-x86_64 | 2.1.3 | 9.54 | 106.61 | 116.15 | OK | |
r-release-macos-arm64 | 2.1.3 | 3.00 | 49.00 | 52.00 | OK | |
r-release-macos-x86_64 | 2.1.3 | 7.00 | 114.00 | 121.00 | OK | |
r-release-windows-x86_64 | 2.1.3 | 11.00 | 114.00 | 125.00 | OK | |
r-oldrel-macos-arm64 | 2.1.3 | 4.00 | 47.00 | 51.00 | OK | |
r-oldrel-macos-x86_64 | 2.1.3 | 6.00 | 76.00 | 82.00 | OK | |
r-oldrel-windows-x86_64 | 2.1.3 | 15.00 | 147.00 | 162.00 | OK |
Version: 2.1.3
Check: CRAN incoming feasibility
Result: NOTE
Maintainer: ‘Guangjian Zhang <gzhang3@nd.edu>’
No Authors@R field in DESCRIPTION.
Please add one, modifying
Authors@R: c(person(given = "Guangjian",
family = "Zhang",
role = c("aut", "cre"),
email = "gzhang3@nd.edu"),
person(given = "Ge",
family = "Jiang",
role = "aut"),
person(given = "Minami",
family = "Hattori",
role = "aut"),
person(given = "Lauren",
family = "Trichtinger",
role = "aut"))
as necessary.
Flavors: r-devel-linux-x86_64-debian-clang, r-devel-linux-x86_64-debian-gcc