Last updated on 2025-11-15 11:50:42 CET.
| Flavor | Version | Tinstall | Tcheck | Ttotal | Status | Flags |
|---|---|---|---|---|---|---|
| r-devel-linux-x86_64-debian-clang | 1.0-2 | 6.35 | 47.08 | 53.43 | OK | |
| r-devel-linux-x86_64-debian-gcc | 1.0-2 | 3.90 | 34.50 | 38.40 | OK | |
| r-devel-linux-x86_64-fedora-clang | 1.0-2 | 14.00 | 67.89 | 81.89 | OK | |
| r-devel-linux-x86_64-fedora-gcc | 1.0-2 | 23.00 | 57.22 | 80.22 | OK | |
| r-devel-windows-x86_64 | 1.0-2 | 8.00 | 59.00 | 67.00 | OK | |
| r-patched-linux-x86_64 | 1.0-2 | 6.91 | 44.39 | 51.30 | OK | |
| r-release-linux-x86_64 | 1.0-2 | 6.51 | 44.69 | 51.20 | OK | |
| r-release-macos-arm64 | 1.0-2 | 3.00 | 25.00 | 28.00 | OK | |
| r-release-macos-x86_64 | 1.0-2 | 7.00 | 44.00 | 51.00 | OK | |
| r-release-windows-x86_64 | 1.0-2 | 8.00 | 60.00 | 68.00 | OK | |
| r-oldrel-macos-arm64 | 1.0-2 | 3.00 | 30.00 | 33.00 | NOTE | |
| r-oldrel-macos-x86_64 | 1.0-2 | 5.00 | 43.00 | 48.00 | NOTE | |
| r-oldrel-windows-x86_64 | 1.0-2 | 11.00 | 72.00 | 83.00 | NOTE |
Version: 1.0-2
Check: package dependencies
Result: NOTE
Package which this enhances but not available for checking: ‘gurobi’
Flavors: r-oldrel-macos-arm64, r-oldrel-macos-x86_64, r-oldrel-windows-x86_64