Last updated on 2025-10-22 09:50:30 CEST.
Flavor | Version | Tinstall | Tcheck | Ttotal | Status | Flags |
---|---|---|---|---|---|---|
r-devel-linux-x86_64-debian-clang | 0.1.10 | 5.39 | 93.57 | 98.96 | NOTE | |
r-devel-linux-x86_64-debian-gcc | 0.1.10 | 3.49 | 65.49 | 68.98 | NOTE | |
r-devel-linux-x86_64-fedora-clang | 0.1.10 | 22.00 | 136.10 | 158.10 | OK | |
r-devel-linux-x86_64-fedora-gcc | 0.1.10 | 148.10 | OK | |||
r-devel-windows-x86_64 | 0.1.10 | 10.00 | 104.00 | 114.00 | OK | |
r-patched-linux-x86_64 | 0.1.10 | 5.66 | 94.52 | 100.18 | OK | |
r-release-linux-x86_64 | 0.1.10 | 3.88 | 89.12 | 93.00 | OK | |
r-release-macos-arm64 | 0.1.10 | 5.00 | 51.00 | 56.00 | OK | |
r-release-macos-x86_64 | 0.1.10 | 12.00 | 99.00 | 111.00 | OK | |
r-release-windows-x86_64 | 0.1.10 | 10.00 | 100.00 | 110.00 | OK | |
r-oldrel-macos-arm64 | 0.1.10 | 5.00 | 47.00 | 52.00 | OK | |
r-oldrel-macos-x86_64 | 0.1.10 | 7.00 | 80.00 | 87.00 | OK | |
r-oldrel-windows-x86_64 | 0.1.10 | 13.00 | 127.00 | 140.00 | OK |
Version: 0.1.10
Check: HTML version of manual
Result: NOTE
Found the following HTML validation problems:
assignment_string.html:50:1 (assignment_string.Rd:12): Warning: missing </ul> before </div>
code_fixer.html:54:1 (code_fixer.Rd:14): Warning: missing </ul> before </div>
construct_design_code.html:68:1 (construct_design_code.Rd:24): Warning: missing </ul> before </div>
get_design_code.html:46:1 (get_design_code.Rd:10): Warning: missing </ul> before </div>
return_args.html:50:1 (return_args.Rd:12): Warning: missing </ul> before </div>
str_within.html:50:1 (str_within.Rd:12): Warning: missing </ul> before </div>
Flavors: r-devel-linux-x86_64-debian-clang, r-devel-linux-x86_64-debian-gcc