CRAN Package Check Results for Package DOvalidation

Last updated on 2025-10-22 09:50:31 CEST.

Flavor Version Tinstall Tcheck Ttotal Status Flags
r-devel-linux-x86_64-debian-clang 1.1.0 3.57 31.77 35.34 NOTE
r-devel-linux-x86_64-debian-gcc 1.1.0 2.63 24.11 26.74 NOTE
r-devel-linux-x86_64-fedora-clang 1.1.0 51.08 OK
r-devel-linux-x86_64-fedora-gcc 1.1.0 14.00 36.02 50.02 OK
r-devel-windows-x86_64 1.1.0 5.00 50.00 55.00 OK
r-patched-linux-x86_64 1.1.0 3.83 29.70 33.53 OK
r-release-linux-x86_64 1.1.0 3.13 29.72 32.85 OK
r-release-macos-arm64 1.1.0 2.00 19.00 21.00 OK
r-release-macos-x86_64 1.1.0 3.00 34.00 37.00 OK
r-release-windows-x86_64 1.1.0 4.00 50.00 54.00 OK
r-oldrel-macos-arm64 1.1.0 2.00 16.00 18.00 OK
r-oldrel-macos-x86_64 1.1.0 2.00 27.00 29.00 OK
r-oldrel-windows-x86_64 1.1.0 4.00 49.00 53.00 OK

Check Details

Version: 1.1.0
Check: CRAN incoming feasibility
Result: NOTE Maintainer: ‘Maria Dolores Martinez-Miranda <mmiranda@ugr.es>’ No Authors@R field in DESCRIPTION. Please add one, modifying Authors@R: c(person(given = "M.L.", family = "Gamiz", role = "aut"), person(given = "E.", family = "Mammen", role = "aut"), person(given = "M.D.", family = "Martinez-Miranda", role = "aut"), person(given = "J.P.", family = "Nielsen", role = "aut"), person(given = c("Maria", "Dolores"), family = "Martinez-Miranda", role = "cre", email = "mmiranda@ugr.es")) as necessary. Flavors: r-devel-linux-x86_64-debian-clang, r-devel-linux-x86_64-debian-gcc