Last updated on 2025-10-24 09:49:59 CEST.
| Flavor | Version | Tinstall | Tcheck | Ttotal | Status | Flags |
|---|---|---|---|---|---|---|
| r-devel-linux-x86_64-debian-clang | 1.1 | 1.81 | 20.11 | 21.92 | NOTE | |
| r-devel-linux-x86_64-debian-gcc | 1.1 | 1.45 | 16.27 | 17.72 | NOTE | |
| r-devel-linux-x86_64-fedora-clang | 1.1 | 31.71 | OK | |||
| r-devel-linux-x86_64-fedora-gcc | 1.1 | 30.77 | OK | |||
| r-devel-windows-x86_64 | 1.1 | 3.00 | 37.00 | 40.00 | OK | |
| r-patched-linux-x86_64 | 1.1 | 1.87 | 18.93 | 20.80 | OK | |
| r-release-linux-x86_64 | 1.1 | 1.89 | 18.58 | 20.47 | OK | |
| r-release-macos-arm64 | 1.1 | 1.00 | 13.00 | 14.00 | OK | |
| r-release-macos-x86_64 | 1.1 | 2.00 | 25.00 | 27.00 | OK | |
| r-release-windows-x86_64 | 1.1 | 3.00 | 40.00 | 43.00 | OK | |
| r-oldrel-macos-arm64 | 1.1 | 1.00 | 13.00 | 14.00 | OK | |
| r-oldrel-macos-x86_64 | 1.1 | 2.00 | 20.00 | 22.00 | OK | |
| r-oldrel-windows-x86_64 | 1.1 | 3.00 | 43.00 | 46.00 | OK |
Version: 1.1
Check: CRAN incoming feasibility
Result: NOTE
Maintainer: ‘Jun Chen <chen.jun2@mayo.edu>’
No Authors@R field in DESCRIPTION.
Please add one, modifying
Authors@R: person(given = "Jun",
family = "Chen",
role = c("aut", "cre"),
email = "Chen.Jun2@mayo.edu")
as necessary.
Flavors: r-devel-linux-x86_64-debian-clang, r-devel-linux-x86_64-debian-gcc