Last updated on 2025-10-22 09:50:29 CEST.
Flavor | Version | Tinstall | Tcheck | Ttotal | Status | Flags |
---|---|---|---|---|---|---|
r-devel-linux-x86_64-debian-clang | 1.0 | 2.76 | 83.20 | 85.96 | NOTE | |
r-devel-linux-x86_64-debian-gcc | 1.0 | 2.18 | 56.92 | 59.10 | NOTE | |
r-devel-linux-x86_64-fedora-clang | 1.0 | 131.43 | NOTE | |||
r-devel-linux-x86_64-fedora-gcc | 1.0 | 137.83 | NOTE | |||
r-devel-windows-x86_64 | 1.0 | 4.00 | 91.00 | 95.00 | OK | |
r-patched-linux-x86_64 | 1.0 | 3.34 | 77.18 | 80.52 | OK | |
r-release-linux-x86_64 | 1.0 | 2.78 | 76.75 | 79.53 | OK | |
r-release-macos-arm64 | 1.0 | 2.00 | 48.00 | 50.00 | OK | |
r-release-macos-x86_64 | 1.0 | 3.00 | 94.00 | 97.00 | OK | |
r-release-windows-x86_64 | 1.0 | 5.00 | 92.00 | 97.00 | OK | |
r-oldrel-macos-arm64 | 1.0 | 2.00 | 42.00 | 44.00 | OK | |
r-oldrel-macos-x86_64 | 1.0 | 2.00 | 65.00 | 67.00 | OK | |
r-oldrel-windows-x86_64 | 1.0 | 6.00 | 119.00 | 125.00 | OK |
Version: 1.0
Check: CRAN incoming feasibility
Result: NOTE
Maintainer: ‘Yachong Yang <yachong@wharton.upenn.edu>’
The Description field contains
<arxiv:2104.13871>.
Please refer to arXiv e-prints via their arXiv DOI <doi:10.48550/arXiv.YYMM.NNNNN>.
Flavors: r-devel-linux-x86_64-debian-clang, r-devel-linux-x86_64-debian-gcc
Version: 1.0
Check: HTML version of manual
Result: NOTE
Found the following HTML validation problems:
ginverselm.funs.html:50:1 (ginverselm.funs.Rd:12): Warning: missing </ul> before </div>
Flavors: r-devel-linux-x86_64-debian-clang, r-devel-linux-x86_64-debian-gcc
Version: 1.0
Check: dependencies in R code
Result: NOTE
Namespace in Imports field not imported from: ‘mvtnorm’
All declared Imports should be used.
Flavors: r-devel-linux-x86_64-fedora-clang, r-devel-linux-x86_64-fedora-gcc