Last updated on 2025-10-07 09:49:41 CEST.
Flavor | Version | Tinstall | Tcheck | Ttotal | Status | Flags |
---|---|---|---|---|---|---|
r-devel-linux-x86_64-debian-clang | 2.3.0 | 13.74 | 111.85 | 125.59 | NOTE | |
r-devel-linux-x86_64-debian-gcc | 2.3.0 | 8.75 | 82.39 | 91.14 | NOTE | |
r-devel-linux-x86_64-fedora-clang | 2.3.0 | 192.69 | OK | |||
r-devel-linux-x86_64-fedora-gcc | 2.3.0 | 180.86 | OK | |||
r-devel-windows-x86_64 | 2.3.0 | 13.00 | 110.00 | 123.00 | OK | |
r-patched-linux-x86_64 | 2.3.0 | 13.10 | 109.18 | 122.28 | OK | |
r-release-linux-x86_64 | 2.3.0 | 12.71 | 108.70 | 121.41 | OK | |
r-release-macos-arm64 | 2.3.0 | 52.00 | OK | |||
r-release-macos-x86_64 | 2.3.0 | 130.00 | OK | |||
r-release-windows-x86_64 | 2.3.0 | 13.00 | 112.00 | 125.00 | OK | |
r-oldrel-macos-arm64 | 2.3.0 | 50.00 | OK | |||
r-oldrel-macos-x86_64 | 2.3.0 | 27.00 | ERROR | |||
r-oldrel-windows-x86_64 | 2.3.0 | 15.00 | 126.00 | 141.00 | OK |
Version: 2.3.0
Check: CRAN incoming feasibility
Result: NOTE
Maintainer: ‘Florencia I. Pozzi <florenciapoz@hotmail.com>’
No Authors@R field in DESCRIPTION.
Please add one, modifying
Authors@R: c(person(given = c("Florencia", "I."),
family = "Pozzi",
role = c("aut", "cre"),
email = "florenciapoz@hotmail.com"),
person(given = c("Silvina", "A."),
family = "Felitti",
role = "aut"))
as necessary.
Flavors: r-devel-linux-x86_64-debian-clang, r-devel-linux-x86_64-debian-gcc
Version: 2.3.0
Check: package dependencies
Result: ERROR
Package required but not available: ‘pwalign’
See section ‘The DESCRIPTION file’ in the ‘Writing R Extensions’
manual.
Flavor: r-oldrel-macos-x86_64